[Tue Dec 03 15:03:49.295703 2024] [php:error] [pid 6344:tid 1792] [client 47.237.128.104:59196] script 'C:/xampp/htdocs/index.php' not found or unable to stat
[Tue Dec 03 15:03:49.511115 2024] [php:error] [pid 6344:tid 1792] [client 47.237.128.104:59196] script 'C:/xampp/htdocs/index.php' not found or unable to stat
[Tue Dec 03 15:03:49.596003 2024] [php:error] [pid 6344:tid 1792] [client 47.237.128.104:59196] script 'C:/xampp/htdocs/index.php' not found or unable to stat
[Tue Dec 03 15:06:13.833707 2024] [php:warn] [pid 6344:tid 1800] [client 124.106.230.186:46806] PHP Warning:  Undefined array key "role" in C:\\xampp\\htdocs\\esuporta\\system\\index.php on line 10, referer: http://223.25.21.210/esuporta/system/index.php
[Tue Dec 03 15:20:21.748944 2024] [php:warn] [pid 6344:tid 1800] [client 110.54.188.157:18158] PHP Warning:  Undefined array key "role" in C:\\xampp\\htdocs\\esuporta\\system\\index.php on line 10, referer: http://223.25.21.210/esuporta/system/
[Tue Dec 03 15:20:59.812971 2024] [php:warn] [pid 6344:tid 1792] [client 1.37.89.116:10297] PHP Warning:  Undefined array key "role" in C:\\xampp\\htdocs\\esuporta\\system\\index.php on line 10, referer: http://223.25.21.210/esuporta/system/index.php
[Tue Dec 03 15:30:45.761267 2024] [php:warn] [pid 6344:tid 1792] [client 103.89.236.209:44735] PHP Warning:  Undefined array key "role" in C:\\xampp\\htdocs\\esuporta\\system\\index.php on line 10, referer: http://223.25.21.210/esuporta/system/
[Tue Dec 03 16:22:16.489743 2024] [cgi:error] [pid 6344:tid 1800] [client 194.50.16.198:43380] AH02811: script not found or unable to stat: C:/xampp/htdocs/login.asp
[Tue Dec 03 16:54:05.663886 2024] [core:error] [pid 6344:tid 1800] [client 70.32.84.96:40562] AH10244: invalid URI path (/cgi-bin/.%2e/.%2e/.%2e/.%2e/.%2e/.%2e/.%2e/.%2e/.%2e/.%2e/bin/sh)
[Tue Dec 03 16:54:07.012819 2024] [core:error] [pid 6344:tid 1800] [client 70.32.84.96:43086] AH10244: invalid URI path (/cgi-bin/%%32%65%%32%65/%%32%65%%32%65/%%32%65%%32%65/%%32%65%%32%65/%%32%65%%32%65/%%32%65%%32%65/%%32%65%%32%65/bin/sh)
[Tue Dec 03 16:54:25.873577 2024] [php:error] [pid 6344:tid 1800] [client 70.32.84.96:44898] script 'C:/xampp/htdocs/index.php' not found or unable to stat
[Tue Dec 03 16:54:26.647554 2024] [php:error] [pid 6344:tid 1800] [client 70.32.84.96:44898] script 'C:/xampp/htdocs/index.php' not found or unable to stat
[Tue Dec 03 16:54:27.027373 2024] [php:error] [pid 6344:tid 1800] [client 70.32.84.96:44898] script 'C:/xampp/htdocs/index.php' not found or unable to stat
[Wed Dec 04 13:20:47.406502 2024] [ssl:warn] [pid 8024:tid 444] AH01909: www.example.com:443:0 server certificate does NOT include an ID which matches the server name
[Wed Dec 04 13:20:47.437772 2024] [core:warn] [pid 8024:tid 444] AH00098: pid file C:/xampp/apache/logs/httpd.pid overwritten -- Unclean shutdown of previous Apache run?
[Wed Dec 04 13:20:47.437772 2024] [ssl:warn] [pid 8024:tid 444] AH01909: www.example.com:443:0 server certificate does NOT include an ID which matches the server name
[Wed Dec 04 13:20:47.484610 2024] [mpm_winnt:notice] [pid 8024:tid 444] AH00455: Apache/2.4.56 (Win64) OpenSSL/1.1.1t PHP/8.2.4 configured -- resuming normal operations
[Wed Dec 04 13:20:47.484610 2024] [mpm_winnt:notice] [pid 8024:tid 444] AH00456: Apache Lounge VS16 Server built: Mar  7 2023 13:21:03
[Wed Dec 04 13:20:47.484610 2024] [core:notice] [pid 8024:tid 444] AH00094: Command line: 'c:\\xampp\\apache\\bin\\httpd.exe -d C:/xampp/apache'
[Wed Dec 04 13:20:47.484610 2024] [mpm_winnt:notice] [pid 8024:tid 444] AH00418: Parent: Created child process 6816
[Wed Dec 04 13:20:48.093841 2024] [ssl:warn] [pid 6816:tid 448] AH01909: www.example.com:443:0 server certificate does NOT include an ID which matches the server name
[Wed Dec 04 13:20:48.140734 2024] [ssl:warn] [pid 6816:tid 448] AH01909: www.example.com:443:0 server certificate does NOT include an ID which matches the server name
[Wed Dec 04 13:20:48.171948 2024] [mpm_winnt:notice] [pid 6816:tid 448] AH00354: Child: Starting 150 worker threads.
[Wed Dec 04 14:08:06.971615 2024] [php:warn] [pid 6816:tid 1844] [client 58.69.207.145:63802] PHP Warning:  Undefined array key "username" in C:\\xampp\\htdocs\\esuporta\\system\\user_index.php on line 10
[Wed Dec 04 14:08:06.973653 2024] [php:warn] [pid 6816:tid 1844] [client 58.69.207.145:63802] PHP Warning:  Undefined array key "username" in C:\\xampp\\htdocs\\esuporta\\system\\user_index.php on line 11
[Wed Dec 04 14:08:07.165903 2024] [php:error] [pid 6816:tid 1844] [client 58.69.207.145:63802] script 'C:/xampp/htdocs/esuporta/system/login.php' not found or unable to stat
[Wed Dec 04 14:09:33.435748 2024] [php:warn] [pid 6816:tid 1832] [client 58.69.207.145:63818] PHP Warning:  Undefined array key "username" in C:\\xampp\\htdocs\\esuporta\\system\\user_index.php on line 10
[Wed Dec 04 14:09:33.436795 2024] [php:warn] [pid 6816:tid 1832] [client 58.69.207.145:63818] PHP Warning:  Undefined array key "username" in C:\\xampp\\htdocs\\esuporta\\system\\user_index.php on line 11
[Wed Dec 04 14:09:33.579623 2024] [php:error] [pid 6816:tid 1832] [client 58.69.207.145:63818] script 'C:/xampp/htdocs/esuporta/system/login.php' not found or unable to stat
[Wed Dec 04 14:09:46.373403 2024] [php:warn] [pid 6816:tid 1820] [client 58.69.207.145:63819] PHP Warning:  Undefined array key "role" in C:\\xampp\\htdocs\\esuporta\\system\\index.php on line 10, referer: http://223.25.21.210/esuporta/system/?fbclid=IwY2xjawG80WRleHRuA2FlbQIxMAABHRmzCAtZKozHTaoBUTBIeo7djOWtEg18Ybfg2P0HMStvOcLQ0wbBZ7hP-A_aem_cvDxoYY9KVKOWrGKSLgdkQ
[Wed Dec 04 14:52:53.278887 2024] [php:error] [pid 6816:tid 1844] [client 34.76.26.137:60572] PHP Fatal error:  Uncaught mysqli_sql_exception: Unknown database 'dts' in C:\\xampp\\htdocs\\esuporta\\fts\\database.php:6\nStack trace:\n#0 C:\\xampp\\htdocs\\esuporta\\fts\\database.php(6): mysqli_connect('localhost', 'root', Object(SensitiveParameterValue), 'dts')\n#1 C:\\xampp\\htdocs\\esuporta\\fts\\index.php(2): include('C:\\\\xampp\\\\htdocs...')\n#2 {main}\n  thrown in C:\\xampp\\htdocs\\esuporta\\fts\\database.php on line 6
[Wed Dec 04 15:10:49.907073 2024] [php:warn] [pid 6816:tid 1844] [client 209.35.169.96:22230] PHP Warning:  Undefined array key "role" in C:\\xampp\\htdocs\\esuporta\\system\\index.php on line 10, referer: http://223.25.21.210/esuporta/system/index.php
[Wed Dec 04 15:12:27.450796 2024] [php:warn] [pid 6816:tid 1824] [client 209.35.169.96:47139] PHP Warning:  Undefined array key "role" in C:\\xampp\\htdocs\\esuporta\\system\\index.php on line 10, referer: http://223.25.21.210/esuporta/system/index.php
[Wed Dec 04 15:12:39.040283 2024] [php:warn] [pid 6816:tid 1844] [client 209.35.169.96:22406] PHP Warning:  Undefined array key "role" in C:\\xampp\\htdocs\\esuporta\\system\\index.php on line 10, referer: http://223.25.21.210/esuporta/system/index.php
[Wed Dec 04 15:12:54.769625 2024] [php:warn] [pid 6816:tid 1824] [client 209.35.169.96:22407] PHP Warning:  Undefined array key "role" in C:\\xampp\\htdocs\\esuporta\\system\\index.php on line 10, referer: http://223.25.21.210/esuporta/system/index.php
[Wed Dec 04 16:08:32.970365 2024] [php:warn] [pid 6816:tid 1844] [client 112.202.99.123:35772] PHP Warning:  Undefined array key "username" in C:\\xampp\\htdocs\\esuporta\\system\\table_reset_deped_email_user.php on line 10
[Wed Dec 04 16:08:32.971362 2024] [php:warn] [pid 6816:tid 1844] [client 112.202.99.123:35772] PHP Warning:  Undefined array key "username" in C:\\xampp\\htdocs\\esuporta\\system\\table_reset_deped_email_user.php on line 11
[Wed Dec 04 16:08:33.153955 2024] [php:error] [pid 6816:tid 1820] [client 112.202.99.123:35770] script 'C:/xampp/htdocs/esuporta/system/login.php' not found or unable to stat
[Wed Dec 04 16:08:51.512337 2024] [php:warn] [pid 6816:tid 1844] [client 112.202.99.123:36011] PHP Warning:  Undefined array key "username" in C:\\xampp\\htdocs\\esuporta\\system\\form_user.php on line 10
[Wed Dec 04 16:08:51.512337 2024] [php:warn] [pid 6816:tid 1844] [client 112.202.99.123:36011] PHP Warning:  Undefined array key "username" in C:\\xampp\\htdocs\\esuporta\\system\\form_user.php on line 11
[Wed Dec 04 16:08:51.635204 2024] [php:error] [pid 6816:tid 1820] [client 112.202.99.123:36010] script 'C:/xampp/htdocs/esuporta/system/login.php' not found or unable to stat
[Thu Dec 05 08:02:05.103037 2024] [ssl:warn] [pid 3820:tid 444] AH01909: www.example.com:443:0 server certificate does NOT include an ID which matches the server name
[Thu Dec 05 08:02:05.134268 2024] [core:warn] [pid 3820:tid 444] AH00098: pid file C:/xampp/apache/logs/httpd.pid overwritten -- Unclean shutdown of previous Apache run?
[Thu Dec 05 08:02:05.149871 2024] [ssl:warn] [pid 3820:tid 444] AH01909: www.example.com:443:0 server certificate does NOT include an ID which matches the server name
[Thu Dec 05 08:02:05.337349 2024] [mpm_winnt:notice] [pid 3820:tid 444] AH00455: Apache/2.4.56 (Win64) OpenSSL/1.1.1t PHP/8.2.4 configured -- resuming normal operations
[Thu Dec 05 08:02:05.337349 2024] [mpm_winnt:notice] [pid 3820:tid 444] AH00456: Apache Lounge VS16 Server built: Mar  7 2023 13:21:03
[Thu Dec 05 08:02:05.337349 2024] [core:notice] [pid 3820:tid 444] AH00094: Command line: 'c:\\xampp\\apache\\bin\\httpd.exe -d C:/xampp/apache'
[Thu Dec 05 08:02:05.337349 2024] [mpm_winnt:notice] [pid 3820:tid 444] AH00418: Parent: Created child process 17024
[Thu Dec 05 08:02:05.852834 2024] [ssl:warn] [pid 17024:tid 476] AH01909: www.example.com:443:0 server certificate does NOT include an ID which matches the server name
[Thu Dec 05 08:02:05.884077 2024] [ssl:warn] [pid 17024:tid 476] AH01909: www.example.com:443:0 server certificate does NOT include an ID which matches the server name
[Thu Dec 05 08:02:05.930961 2024] [mpm_winnt:notice] [pid 17024:tid 476] AH00354: Child: Starting 150 worker threads.
[Thu Dec 05 08:08:08.682465 2024] [php:warn] [pid 17024:tid 1836] [client 111.90.205.11:47285] PHP Warning:  Undefined array key "role" in C:\\xampp\\htdocs\\esuporta\\system\\index.php on line 10, referer: http://223.25.21.210/esuporta/system/
[Thu Dec 05 08:54:21.698330 2024] [php:warn] [pid 17024:tid 1852] [client 103.89.237.159:4569] PHP Warning:  Undefined array key "username" in C:\\xampp\\htdocs\\esuporta\\system\\user_index.php on line 10
[Thu Dec 05 08:54:21.698330 2024] [php:warn] [pid 17024:tid 1852] [client 103.89.237.159:4569] PHP Warning:  Undefined array key "username" in C:\\xampp\\htdocs\\esuporta\\system\\user_index.php on line 11
[Thu Dec 05 08:54:21.760818 2024] [php:error] [pid 17024:tid 1852] [client 103.89.237.159:4569] script 'C:/xampp/htdocs/esuporta/system/login.php' not found or unable to stat
[Thu Dec 05 08:54:25.369345 2024] [php:error] [pid 17024:tid 1852] [client 103.89.237.159:4569] script 'C:/xampp/htdocs/esuporta/system/login.php' not found or unable to stat
[Thu Dec 05 08:54:26.556570 2024] [php:error] [pid 17024:tid 1852] [client 103.89.237.159:4569] script 'C:/xampp/htdocs/esuporta/system/login.php' not found or unable to stat
[Thu Dec 05 08:54:26.759644 2024] [php:error] [pid 17024:tid 1852] [client 103.89.237.159:4569] script 'C:/xampp/htdocs/esuporta/system/login.php' not found or unable to stat
[Thu Dec 05 09:25:36.340176 2024] [php:warn] [pid 17024:tid 1852] [client 122.3.108.126:58747] PHP Warning:  Undefined array key "role" in C:\\xampp\\htdocs\\esuporta\\system\\index.php on line 10, referer: http://223.25.21.210/esuporta/system/
[Thu Dec 05 09:25:58.147640 2024] [php:warn] [pid 17024:tid 1852] [client 122.3.108.126:58776] PHP Warning:  Undefined array key "role" in C:\\xampp\\htdocs\\esuporta\\system\\index.php on line 10, referer: http://223.25.21.210/esuporta/system/
[Thu Dec 05 11:11:17.891941 2024] [php:warn] [pid 17024:tid 1828] [client 124.105.177.38:53731] PHP Warning:  Undefined array key "role" in C:\\xampp\\htdocs\\esuporta\\system\\index.php on line 10, referer: http://223.25.21.210/esuporta/system/index.php
[Thu Dec 05 11:58:14.656170 2024] [php:warn] [pid 17024:tid 1852] [client 14.1.65.3:15929] PHP Warning:  Undefined array key "role" in C:\\xampp\\htdocs\\esuporta\\system\\index.php on line 10, referer: http://223.25.21.210/esuporta/system/
[Thu Dec 05 12:18:27.234185 2024] [cgi:error] [pid 17024:tid 1852] [client 194.50.16.198:46378] AH02811: script not found or unable to stat: C:/xampp/htdocs/login.asp
[Thu Dec 05 12:34:50.389757 2024] [php:warn] [pid 17024:tid 1852] [client 14.1.65.3:60457] PHP Warning:  Undefined array key "role" in C:\\xampp\\htdocs\\esuporta\\system\\index.php on line 10, referer: http://223.25.21.210/esuporta/system/
[Thu Dec 05 13:55:50.499646 2024] [php:warn] [pid 17024:tid 1820] [client 110.54.143.198:20522] PHP Warning:  Undefined array key "role" in C:\\xampp\\htdocs\\esuporta\\system\\index.php on line 10, referer: http://223.25.21.210/esuporta/system/index.php
[Thu Dec 05 13:57:11.169023 2024] [php:warn] [pid 17024:tid 1820] [client 110.54.143.198:49400] PHP Warning:  Undefined array key "role" in C:\\xampp\\htdocs\\esuporta\\system\\index.php on line 10, referer: http://223.25.21.210/esuporta/system/
[Thu Dec 05 13:58:56.380103 2024] [php:warn] [pid 17024:tid 1836] [client 110.54.143.198:42010] PHP Warning:  Undefined array key "role" in C:\\xampp\\htdocs\\esuporta\\system\\index.php on line 10, referer: http://223.25.21.210/esuporta/system/
[Thu Dec 05 14:14:47.047498 2024] [php:warn] [pid 17024:tid 1812] [client 110.54.191.150:8569] PHP Warning:  Undefined array key "role" in C:\\xampp\\htdocs\\esuporta\\system\\index.php on line 10, referer: http://223.25.21.210/esuporta/system/
[Thu Dec 05 14:16:01.531253 2024] [php:warn] [pid 17024:tid 1852] [client 110.54.191.150:8661] PHP Warning:  Undefined array key "role" in C:\\xampp\\htdocs\\esuporta\\system\\index.php on line 10, referer: http://223.25.21.210/esuporta/system/
[Sat Dec 07 09:25:24.924533 2024] [ssl:warn] [pid 15624:tid 448] AH01909: www.example.com:443:0 server certificate does NOT include an ID which matches the server name
[Sat Dec 07 09:25:24.955804 2024] [core:warn] [pid 15624:tid 448] AH00098: pid file C:/xampp/apache/logs/httpd.pid overwritten -- Unclean shutdown of previous Apache run?
[Sat Dec 07 09:25:24.955804 2024] [ssl:warn] [pid 15624:tid 448] AH01909: www.example.com:443:0 server certificate does NOT include an ID which matches the server name
[Sat Dec 07 09:25:25.236965 2024] [mpm_winnt:notice] [pid 15624:tid 448] AH00455: Apache/2.4.56 (Win64) OpenSSL/1.1.1t PHP/8.2.4 configured -- resuming normal operations
[Sat Dec 07 09:25:25.236965 2024] [mpm_winnt:notice] [pid 15624:tid 448] AH00456: Apache Lounge VS16 Server built: Mar  7 2023 13:21:03
[Sat Dec 07 09:25:25.236965 2024] [core:notice] [pid 15624:tid 448] AH00094: Command line: 'c:\\xampp\\apache\\bin\\httpd.exe -d C:/xampp/apache'
[Sat Dec 07 09:25:25.236965 2024] [mpm_winnt:notice] [pid 15624:tid 448] AH00418: Parent: Created child process 9144
[Sat Dec 07 09:25:25.752464 2024] [ssl:warn] [pid 9144:tid 436] AH01909: www.example.com:443:0 server certificate does NOT include an ID which matches the server name
[Sat Dec 07 09:25:25.783739 2024] [ssl:warn] [pid 9144:tid 436] AH01909: www.example.com:443:0 server certificate does NOT include an ID which matches the server name
[Sat Dec 07 09:25:25.814982 2024] [mpm_winnt:notice] [pid 9144:tid 436] AH00354: Child: Starting 150 worker threads.
[Sat Dec 07 10:31:57.533935 2024] [php:error] [pid 9144:tid 1852] [client 35.195.123.144:35424] PHP Fatal error:  Uncaught mysqli_sql_exception: Unknown database 'dts' in C:\\xampp\\htdocs\\esuporta\\fts\\database.php:6\nStack trace:\n#0 C:\\xampp\\htdocs\\esuporta\\fts\\database.php(6): mysqli_connect('localhost', 'root', Object(SensitiveParameterValue), 'dts')\n#1 C:\\xampp\\htdocs\\esuporta\\fts\\index.php(2): include('C:\\\\xampp\\\\htdocs...')\n#2 {main}\n  thrown in C:\\xampp\\htdocs\\esuporta\\fts\\database.php on line 6
[Sat Dec 07 13:03:33.576275 2024] [php:warn] [pid 9144:tid 1820] [client 119.95.124.232:53740] PHP Warning:  Undefined array key "role" in C:\\xampp\\htdocs\\esuporta\\system\\index.php on line 10, referer: http://223.25.21.210/esuporta/system/?fbclid=IwY2xjawGw5E5leHRuA2FlbQIxMAABHRelMZ1oMeqU_uU-F6KYAbWLdQ3ifERXfBM20fImeh_JQk5j3jlStYCyew_aem_gD0Sc52MN4i2TRhZY-Saaw
[Sat Dec 07 15:29:33.188542 2024] [php:error] [pid 9144:tid 1852] [client 147.78.47.236:55496] script 'C:/xampp/htdocs/xmlrpc.php' not found or unable to stat
[Sat Dec 07 16:25:31.796554 2024] [php:error] [pid 9144:tid 1852] [client 209.35.170.111:41738] script 'C:/xampp/htdocs/esuporta/system/login.php' not found or unable to stat, referer: http://223.25.21.210/esuporta/system/?fbclid=IwY2xjawGx-3RleHRuA2FlbQIxMAABHVdpe4vkeG4YA21Qiw4_e6SyH2Dl9SAlJIO13Y0XdhxZrWuFFtFY5IOhkw_aem_6BcGM29UvWChV3medGqPuQ
[Sat Dec 07 17:01:45.584415 2024] [php:warn] [pid 9144:tid 1852] [client 112.208.177.161:44404] PHP Warning:  Undefined array key "role" in C:\\xampp\\htdocs\\esuporta\\system\\index.php on line 10, referer: http://223.25.21.210/esuporta/system/?fbclid=IwY2xjawG80WRleHRuA2FlbQIxMAABHRmzCAtZKozHTaoBUTBIeo7djOWtEg18Ybfg2P0HMStvOcLQ0wbBZ7hP-A_aem_cvDxoYY9KVKOWrGKSLgdkQ
[Sat Dec 07 17:02:03.467718 2024] [php:error] [pid 9144:tid 1844] [client 112.208.177.161:44476] script 'C:/xampp/htdocs/esuporta/system/logout.php' not found or unable to stat, referer: http://223.25.21.210/esuporta/system/user_request.php
[Sat Dec 07 21:14:11.008406 2024] [php:warn] [pid 9144:tid 1844] [client 49.149.133.199:32642] PHP Warning:  Undefined array key "role" in C:\\xampp\\htdocs\\esuporta\\system\\index.php on line 10, referer: http://223.25.21.210/esuporta/system/
[Sat Dec 07 21:14:52.615809 2024] [php:warn] [pid 9144:tid 1828] [client 49.149.133.199:32643] PHP Warning:  Undefined array key "role" in C:\\xampp\\htdocs\\esuporta\\system\\index.php on line 10, referer: http://223.25.21.210/esuporta/system/
[Sat Dec 07 21:15:44.251721 2024] [php:warn] [pid 9144:tid 1844] [client 49.149.133.199:32669] PHP Warning:  Undefined array key "role" in C:\\xampp\\htdocs\\esuporta\\system\\index.php on line 10, referer: http://223.25.21.210/esuporta/system/
[Sat Dec 07 22:04:26.993805 2024] [php:error] [pid 9144:tid 1828] [client 78.153.140.223:52144] script 'C:/xampp/htdocs/infophp.php' not found or unable to stat
[Sat Dec 07 22:04:35.157173 2024] [php:error] [pid 9144:tid 1828] [client 78.153.140.223:52158] script 'C:/xampp/htdocs/infos.php' not found or unable to stat
[Sat Dec 07 22:27:04.144890 2024] [php:error] [pid 9144:tid 1844] [client 78.153.140.223:52524] script 'C:/xampp/htdocs/infophp.php' not found or unable to stat
[Sat Dec 07 22:27:04.894065 2024] [php:error] [pid 9144:tid 1844] [client 78.153.140.223:33562] script 'C:/xampp/htdocs/infos.php' not found or unable to stat
[Sat Dec 07 22:27:15.091739 2024] [php:error] [pid 9144:tid 1828] [client 78.153.140.223:38292] script 'C:/xampp/htdocs/phpinfo.php' not found or unable to stat
[Sat Dec 07 22:27:17.094248 2024] [php:error] [pid 9144:tid 1828] [client 78.153.140.223:36074] script 'C:/xampp/htdocs/pinfo.php' not found or unable to stat
[Sun Dec 08 00:28:06.336427 2024] [core:error] [pid 9144:tid 1828] [client 37.204.208.154:57732] AH10244: invalid URI path (/cgi-bin/.%2e/.%2e/.%2e/.%2e/.%2e/.%2e/.%2e/.%2e/.%2e/.%2e/bin/sh)
[Sun Dec 08 13:04:34.494391 2024] [core:error] [pid 9144:tid 1844] [client 89.168.81.176:40368] AH10244: invalid URI path (/cgi-bin/.%2e/.%2e/.%2e/.%2e/.%2e/.%2e/.%2e/.%2e/.%2e/.%2e/bin/sh)
[Sun Dec 08 13:04:36.690374 2024] [core:error] [pid 9144:tid 1844] [client 89.168.81.176:41788] AH10244: invalid URI path (/cgi-bin/%%32%65%%32%65/%%32%65%%32%65/%%32%65%%32%65/%%32%65%%32%65/%%32%65%%32%65/%%32%65%%32%65/%%32%65%%32%65/bin/sh)
[Sun Dec 08 13:05:38.063691 2024] [php:error] [pid 9144:tid 1844] [client 89.168.81.176:43096] script 'C:/xampp/htdocs/index.php' not found or unable to stat
[Sun Dec 08 13:05:40.979502 2024] [php:error] [pid 9144:tid 1844] [client 89.168.81.176:43096] script 'C:/xampp/htdocs/index.php' not found or unable to stat
[Sun Dec 08 13:05:42.756108 2024] [php:error] [pid 9144:tid 1844] [client 89.168.81.176:43096] script 'C:/xampp/htdocs/index.php' not found or unable to stat
[Sun Dec 08 19:21:26.204563 2024] [php:warn] [pid 9144:tid 1816] [client 158.62.9.159:44333] PHP Warning:  Undefined array key "username" in C:\\xampp\\htdocs\\esuporta\\system\\user_index.php on line 10, referer: http://223.25.21.210/esuporta/system/action_req_o365.php
[Sun Dec 08 19:21:26.205560 2024] [php:warn] [pid 9144:tid 1816] [client 158.62.9.159:44333] PHP Warning:  Undefined array key "username" in C:\\xampp\\htdocs\\esuporta\\system\\user_index.php on line 11, referer: http://223.25.21.210/esuporta/system/action_req_o365.php
[Sun Dec 08 19:21:26.506693 2024] [php:error] [pid 9144:tid 1816] [client 158.62.9.159:44333] script 'C:/xampp/htdocs/esuporta/system/login.php' not found or unable to stat, referer: http://223.25.21.210/esuporta/system/action_req_o365.php
[Sun Dec 08 20:21:51.079301 2024] [php:warn] [pid 9144:tid 1816] [client 136.158.35.134:33535] PHP Warning:  Undefined array key "username" in C:\\xampp\\htdocs\\esuporta\\system\\user_index.php on line 10
[Sun Dec 08 20:21:51.080302 2024] [php:warn] [pid 9144:tid 1816] [client 136.158.35.134:33535] PHP Warning:  Undefined array key "username" in C:\\xampp\\htdocs\\esuporta\\system\\user_index.php on line 11
[Sun Dec 08 20:21:51.150622 2024] [php:error] [pid 9144:tid 1816] [client 136.158.35.134:33535] script 'C:/xampp/htdocs/esuporta/system/login.php' not found or unable to stat
[Sun Dec 08 20:22:29.181618 2024] [php:warn] [pid 9144:tid 1852] [client 136.158.35.134:33947] PHP Warning:  Undefined array key "role" in C:\\xampp\\htdocs\\esuporta\\system\\index.php on line 10, referer: http://223.25.21.210/esuporta/system/?fbclid=IwY2xjawG54y9leHRuA2FlbQIxMAABHfCB0zD4Ml0yYtGAI80CpXs8ISEEW3bW60x0wzKeGSsqfRLQ-dTfnkqm3g_aem_mkJpTMBpoMdzr3WaQQRX6g
[Sun Dec 08 20:31:54.411143 2024] [php:warn] [pid 9144:tid 1844] [client 122.2.117.165:50888] PHP Warning:  Undefined array key "role" in C:\\xampp\\htdocs\\esuporta\\system\\index.php on line 10, referer: https://223.25.21.210/esuporta/system/
[Sun Dec 08 20:32:57.805306 2024] [php:warn] [pid 9144:tid 1844] [client 122.2.117.165:50936] PHP Warning:  Undefined array key "role" in C:\\xampp\\htdocs\\esuporta\\system\\index.php on line 10, referer: https://223.25.21.210/esuporta/system/
[Sun Dec 08 20:33:08.596087 2024] [php:warn] [pid 9144:tid 1820] [client 122.2.117.165:50945] PHP Warning:  Undefined array key "role" in C:\\xampp\\htdocs\\esuporta\\system\\index.php on line 10, referer: https://223.25.21.210/esuporta/system/
[Sun Dec 08 20:54:03.087603 2024] [php:warn] [pid 9144:tid 1808] [client 49.149.133.199:31145] PHP Warning:  Undefined array key "role" in C:\\xampp\\htdocs\\esuporta\\system\\index.php on line 10, referer: http://223.25.21.210/esuporta/system/
[Sun Dec 08 20:55:07.739352 2024] [php:warn] [pid 9144:tid 1808] [client 136.158.17.191:50933] PHP Warning:  Undefined array key "username" in C:\\xampp\\htdocs\\esuporta\\system\\user_index.php on line 10
[Sun Dec 08 20:55:07.740348 2024] [php:warn] [pid 9144:tid 1808] [client 136.158.17.191:50933] PHP Warning:  Undefined array key "username" in C:\\xampp\\htdocs\\esuporta\\system\\user_index.php on line 11
[Sun Dec 08 20:55:07.843981 2024] [php:error] [pid 9144:tid 1808] [client 136.158.17.191:50933] script 'C:/xampp/htdocs/esuporta/system/login.php' not found or unable to stat
[Sun Dec 08 20:55:08.542229 2024] [php:warn] [pid 9144:tid 1808] [client 136.158.17.191:50933] PHP Warning:  Undefined array key "username" in C:\\xampp\\htdocs\\esuporta\\system\\user_index.php on line 10
[Sun Dec 08 20:55:08.542229 2024] [php:warn] [pid 9144:tid 1808] [client 136.158.17.191:50933] PHP Warning:  Undefined array key "username" in C:\\xampp\\htdocs\\esuporta\\system\\user_index.php on line 11
[Sun Dec 08 20:55:08.608682 2024] [php:error] [pid 9144:tid 1808] [client 136.158.17.191:50933] script 'C:/xampp/htdocs/esuporta/system/login.php' not found or unable to stat
[Sun Dec 08 20:56:37.229726 2024] [php:warn] [pid 9144:tid 1816] [client 49.149.133.199:31371] PHP Warning:  Undefined array key "role" in C:\\xampp\\htdocs\\esuporta\\system\\index.php on line 10, referer: http://223.25.21.210/esuporta/system/index.php
[Sun Dec 08 20:57:11.724404 2024] [php:warn] [pid 9144:tid 1828] [client 1.37.67.136:59040] PHP Warning:  Undefined array key "username" in C:\\xampp\\htdocs\\esuporta\\system\\table_reset_deped_email_user.php on line 10, referer: https://www.google.com/
[Sun Dec 08 20:57:11.725402 2024] [php:warn] [pid 9144:tid 1828] [client 1.37.67.136:59040] PHP Warning:  Undefined array key "username" in C:\\xampp\\htdocs\\esuporta\\system\\table_reset_deped_email_user.php on line 11, referer: https://www.google.com/
[Sun Dec 08 20:57:12.056694 2024] [php:error] [pid 9144:tid 1828] [client 1.37.67.136:59040] script 'C:/xampp/htdocs/esuporta/system/login.php' not found or unable to stat, referer: https://www.google.com/
[Sun Dec 08 22:20:02.765428 2024] [php:warn] [pid 9144:tid 1820] [client 136.158.34.178:18641] PHP Warning:  Undefined array key "role" in C:\\xampp\\htdocs\\esuporta\\system\\index.php on line 10, referer: http://223.25.21.210/esuporta/system/?fbclid=IwY2xjawGx5IZleHRuA2FlbQIxMQABHVKrjVrW7XBRx09Q2kJJNxy66WXvNroOPKE5otX5Cgt8jy5pRRrlF-obIA_aem_z-EV4LsXBadEV0AfR_jmqQ
[Sun Dec 08 22:31:05.712838 2024] [php:error] [pid 9144:tid 1828] [client 147.78.47.243:47980] script 'C:/xampp/htdocs/xmlrpc.php' not found or unable to stat
[Sun Dec 08 23:24:16.332362 2024] [php:error] [pid 9144:tid 1820] [client 78.153.140.223:33690] script 'C:/xampp/htdocs/infophp.php' not found or unable to stat
[Sun Dec 08 23:24:17.268843 2024] [php:error] [pid 9144:tid 1820] [client 78.153.140.223:43610] script 'C:/xampp/htdocs/infos.php' not found or unable to stat
[Sun Dec 08 23:24:26.053804 2024] [php:error] [pid 9144:tid 1820] [client 78.153.140.223:49706] script 'C:/xampp/htdocs/phpinfo.php' not found or unable to stat
[Sun Dec 08 23:24:28.788759 2024] [php:error] [pid 9144:tid 1820] [client 78.153.140.223:50604] script 'C:/xampp/htdocs/pinfo.php' not found or unable to stat
[Mon Dec 09 05:13:25.262248 2024] [php:error] [pid 9144:tid 1828] [client 78.153.140.177:34688] script 'C:/xampp/htdocs/app_dev.php' not found or unable to stat
[Mon Dec 09 05:13:26.338174 2024] [php:error] [pid 9144:tid 1828] [client 78.153.140.177:50498] script 'C:/xampp/htdocs/app_dev.php' not found or unable to stat
[Mon Dec 09 08:42:46.971182 2024] [php:warn] [pid 9144:tid 1852] [client 131.226.107.130:41962] PHP Warning:  Undefined array key "role" in C:\\xampp\\htdocs\\esuporta\\system\\index.php on line 10, referer: http://223.25.21.210/esuporta/system/
[Mon Dec 09 08:43:48.678845 2024] [php:warn] [pid 9144:tid 1852] [client 110.54.143.16:62662] PHP Warning:  Undefined array key "role" in C:\\xampp\\htdocs\\esuporta\\system\\index.php on line 10, referer: http://223.25.21.210/esuporta/system/
[Mon Dec 09 09:45:05.133179 2024] [php:warn] [pid 9144:tid 1820] [client 122.3.108.129:51620] PHP Warning:  Undefined array key "username" in C:\\xampp\\htdocs\\esuporta\\system\\user_index.php on line 10
[Mon Dec 09 09:45:05.134184 2024] [php:warn] [pid 9144:tid 1820] [client 122.3.108.129:51620] PHP Warning:  Undefined array key "username" in C:\\xampp\\htdocs\\esuporta\\system\\user_index.php on line 11
[Mon Dec 09 09:45:05.226534 2024] [php:error] [pid 9144:tid 1820] [client 122.3.108.129:51620] script 'C:/xampp/htdocs/esuporta/system/login.php' not found or unable to stat
[Mon Dec 09 09:45:08.948502 2024] [php:error] [pid 9144:tid 1820] [client 122.3.108.129:51620] script 'C:/xampp/htdocs/esuporta/system/login.php' not found or unable to stat
[Mon Dec 09 09:45:09.995915 2024] [php:error] [pid 9144:tid 1820] [client 122.3.108.129:51620] script 'C:/xampp/htdocs/esuporta/system/login.php' not found or unable to stat
[Mon Dec 09 10:58:09.907753 2024] [php:warn] [pid 9144:tid 1828] [client 131.226.107.122:65495] PHP Warning:  Undefined array key "role" in C:\\xampp\\htdocs\\esuporta\\system\\index.php on line 10, referer: http://223.25.21.210/esuporta/system/
[Mon Dec 09 13:29:56.267116 2024] [php:warn] [pid 9144:tid 1828] [client 175.176.60.35:23387] PHP Warning:  Undefined array key "role" in C:\\xampp\\htdocs\\esuporta\\system\\index.php on line 10, referer: http://223.25.21.210/esuporta/system/
[Mon Dec 09 13:33:16.330106 2024] [php:warn] [pid 9144:tid 1844] [client 175.176.60.35:23397] PHP Warning:  Undefined array key "role" in C:\\xampp\\htdocs\\esuporta\\system\\index.php on line 10, referer: http://223.25.21.210/esuporta/system/index.php
[Mon Dec 09 13:35:48.696547 2024] [php:error] [pid 9144:tid 1820] [client 49.149.141.43:32197] script 'C:/xampp/htdocs/esuporta/system/login.php' not found or unable to stat, referer: http://223.25.21.210/esuporta/system/?fbclid=IwY2xjawGx-3RleHRuA2FlbQIxMAABHVdpe4vkeG4YA21Qiw4_e6SyH2Dl9SAlJIO13Y0XdhxZrWuFFtFY5IOhkw_aem_6BcGM29UvWChV3medGqPuQ
[Mon Dec 09 13:35:50.352714 2024] [php:error] [pid 9144:tid 1820] [client 49.149.141.43:32197] script 'C:/xampp/htdocs/esuporta/system/login.php' not found or unable to stat, referer: http://223.25.21.210/esuporta/system/?fbclid=IwY2xjawGx-3RleHRuA2FlbQIxMAABHVdpe4vkeG4YA21Qiw4_e6SyH2Dl9SAlJIO13Y0XdhxZrWuFFtFY5IOhkw_aem_6BcGM29UvWChV3medGqPuQ
[Mon Dec 09 13:36:07.748903 2024] [php:warn] [pid 9144:tid 1836] [client 49.149.141.43:32339] PHP Warning:  Undefined array key "role" in C:\\xampp\\htdocs\\esuporta\\system\\index.php on line 10, referer: http://223.25.21.210/esuporta/system/?fbclid=IwY2xjawGx-3RleHRuA2FlbQIxMAABHVdpe4vkeG4YA21Qiw4_e6SyH2Dl9SAlJIO13Y0XdhxZrWuFFtFY5IOhkw_aem_6BcGM29UvWChV3medGqPuQ
[Mon Dec 09 15:01:57.271952 2024] [php:warn] [pid 9144:tid 1836] [client 216.247.81.217:20403] PHP Warning:  Undefined array key "role" in C:\\xampp\\htdocs\\esuporta\\system\\index.php on line 10, referer: http://223.25.21.210/esuporta/system/
[Mon Dec 09 15:33:57.472424 2024] [php:warn] [pid 9144:tid 1808] [client 131.226.104.205:8193] PHP Warning:  Undefined array key "role" in C:\\xampp\\htdocs\\esuporta\\system\\index.php on line 10, referer: http://223.25.21.210/esuporta/system/
[Mon Dec 09 16:26:58.377949 2024] [core:error] [pid 9144:tid 1808] [client 47.237.94.12:59658] AH10244: invalid URI path (/cgi-bin/.%2e/.%2e/.%2e/.%2e/.%2e/.%2e/.%2e/.%2e/.%2e/.%2e/bin/sh)
[Mon Dec 09 16:26:58.449427 2024] [core:error] [pid 9144:tid 1808] [client 47.237.94.12:59664] AH10244: invalid URI path (/cgi-bin/%%32%65%%32%65/%%32%65%%32%65/%%32%65%%32%65/%%32%65%%32%65/%%32%65%%32%65/%%32%65%%32%65/%%32%65%%32%65/bin/sh)
[Mon Dec 09 18:00:47.249051 2024] [php:warn] [pid 9144:tid 1820] [client 103.89.236.185:59558] PHP Warning:  Undefined array key "role" in C:\\xampp\\htdocs\\esuporta\\system\\index.php on line 10, referer: https://223.25.21.210/esuporta/system/
[Mon Dec 09 18:13:00.936773 2024] [php:warn] [pid 9144:tid 1828] [client 158.62.9.57:60486] PHP Warning:  Undefined array key "role" in C:\\xampp\\htdocs\\esuporta\\system\\index.php on line 10, referer: http://223.25.21.210/esuporta/system/
[Mon Dec 09 18:13:04.132867 2024] [php:warn] [pid 9144:tid 1808] [client 158.62.9.57:49213] PHP Warning:  Undefined array key "role" in C:\\xampp\\htdocs\\esuporta\\system\\index.php on line 10, referer: http://223.25.21.210/esuporta/system/
[Mon Dec 09 18:13:05.772583 2024] [php:warn] [pid 9144:tid 1808] [client 158.62.9.57:49221] PHP Warning:  Undefined array key "role" in C:\\xampp\\htdocs\\esuporta\\system\\index.php on line 10, referer: http://223.25.21.210/esuporta/system/
[Mon Dec 09 18:56:37.075541 2024] [php:warn] [pid 9144:tid 1836] [client 103.89.236.37:31229] PHP Warning:  Undefined array key "role" in C:\\xampp\\htdocs\\esuporta\\system\\index.php on line 10, referer: http://223.25.21.210/esuporta/system/
[Mon Dec 09 19:53:00.535385 2024] [php:error] [pid 9144:tid 1808] [client 66.249.70.64:57513] PHP Fatal error:  Uncaught mysqli_sql_exception: Unknown database 'dts' in C:\\xampp\\htdocs\\esuporta\\fts\\database.php:6\nStack trace:\n#0 C:\\xampp\\htdocs\\esuporta\\fts\\database.php(6): mysqli_connect('localhost', 'root', Object(SensitiveParameterValue), 'dts')\n#1 C:\\xampp\\htdocs\\esuporta\\fts\\index.php(2): include('C:\\\\xampp\\\\htdocs...')\n#2 {main}\n  thrown in C:\\xampp\\htdocs\\esuporta\\fts\\database.php on line 6
[Mon Dec 09 20:17:48.244547 2024] [php:warn] [pid 9144:tid 1844] [client 49.149.133.199:31131] PHP Warning:  Undefined array key "role" in C:\\xampp\\htdocs\\esuporta\\system\\index.php on line 10, referer: http://223.25.21.210/esuporta/system/
[Mon Dec 09 20:45:57.333550 2024] [php:error] [pid 9144:tid 1808] [client 143.198.232.202:57314] script 'C:/xampp/htdocs/upl.php' not found or unable to stat
[Mon Dec 09 20:45:58.746325 2024] [php:error] [pid 9144:tid 1808] [client 143.198.232.202:57362] script 'C:/xampp/htdocs/1.php' not found or unable to stat
[Mon Dec 09 20:45:59.389466 2024] [php:error] [pid 9144:tid 1808] [client 143.198.232.202:57380] script 'C:/xampp/htdocs/password.php' not found or unable to stat
[Tue Dec 10 07:38:34.023718 2024] [php:warn] [pid 9144:tid 1808] [client ::1:56678] PHP Warning:  Undefined array key "role" in C:\\xampp\\htdocs\\esuporta\\system\\index.php on line 10, referer: http://localhost/esuporta/system/
[Tue Dec 10 08:20:27.308585 2024] [php:warn] [pid 9144:tid 1828] [client 136.158.31.70:50959] PHP Warning:  Undefined array key "role" in C:\\xampp\\htdocs\\esuporta\\system\\index.php on line 10, referer: http://223.25.21.210/esuporta/system/
[Tue Dec 10 12:51:32.143868 2024] [core:error] [pid 9144:tid 1852] [client 167.99.242.208:40612] AH10244: invalid URI path (/cgi-bin/.%2e/.%2e/.%2e/.%2e/.%2e/.%2e/.%2e/.%2e/.%2e/.%2e/bin/sh)
[Tue Dec 10 12:51:33.037250 2024] [core:error] [pid 9144:tid 1852] [client 167.99.242.208:40618] AH10244: invalid URI path (/cgi-bin/%%32%65%%32%65/%%32%65%%32%65/%%32%65%%32%65/%%32%65%%32%65/%%32%65%%32%65/%%32%65%%32%65/%%32%65%%32%65/bin/sh)
[Tue Dec 10 12:51:53.719641 2024] [php:error] [pid 9144:tid 1852] [client 167.99.242.208:40620] script 'C:/xampp/htdocs/index.php' not found or unable to stat
[Tue Dec 10 12:51:54.878656 2024] [php:error] [pid 9144:tid 1852] [client 167.99.242.208:40620] script 'C:/xampp/htdocs/index.php' not found or unable to stat
[Tue Dec 10 12:51:55.359588 2024] [php:error] [pid 9144:tid 1852] [client 167.99.242.208:40620] script 'C:/xampp/htdocs/index.php' not found or unable to stat
[Tue Dec 10 13:42:43.489325 2024] [php:warn] [pid 9144:tid 1816] [client 136.158.17.239:64470] PHP Warning:  Undefined array key "role" in C:\\xampp\\htdocs\\esuporta\\system\\index.php on line 10, referer: http://223.25.21.210/ESUPORTA/SYSTEM/?fbclid=IwY2xjawHEs-tleHRuA2FlbQIxMAABHacLJVPZptyB4VhbvON9yJm8xCx_ETqgoLv114dKd3PE1dY_E1NtOIOHkQ_aem_2AHgdK5QMk__FHX_-2UOQA
[Tue Dec 10 13:47:56.922013 2024] [php:warn] [pid 9144:tid 1816] [client 131.226.105.192:14315] PHP Warning:  Undefined array key "role" in C:\\xampp\\htdocs\\esuporta\\system\\index.php on line 10, referer: http://223.25.21.210/esuporta/system/
[Tue Dec 10 13:58:22.227862 2024] [php:warn] [pid 9144:tid 1820] [client 216.247.83.78:26489] PHP Warning:  Undefined array key "role" in C:\\xampp\\htdocs\\esuporta\\system\\index.php on line 10, referer: http://223.25.21.210/esuporta/system/
[Tue Dec 10 13:59:13.816346 2024] [php:warn] [pid 9144:tid 1816] [client 136.158.17.239:15877] PHP Warning:  Undefined array key "role" in C:\\xampp\\htdocs\\esuporta\\system\\index.php on line 10, referer: http://223.25.21.210/ESUPORTA/SYSTEM/?fbclid=IwY2xjawHEs-tleHRuA2FlbQIxMAABHacLJVPZptyB4VhbvON9yJm8xCx_ETqgoLv114dKd3PE1dY_E1NtOIOHkQ_aem_2AHgdK5QMk__FHX_-2UOQA
[Tue Dec 10 14:01:00.023313 2024] [php:warn] [pid 9144:tid 1844] [client 124.106.230.186:57912] PHP Warning:  Undefined array key "role" in C:\\xampp\\htdocs\\esuporta\\system\\index.php on line 10, referer: http://223.25.21.210/esuporta/system/
[Tue Dec 10 14:04:24.263409 2024] [php:warn] [pid 9144:tid 1820] [client 14.1.92.32:6326] PHP Warning:  Undefined array key "role" in C:\\xampp\\htdocs\\esuporta\\system\\index.php on line 10, referer: http://223.25.21.210/esuporta/system/
[Tue Dec 10 14:08:18.521057 2024] [php:warn] [pid 9144:tid 1820] [client 124.106.230.186:58070] PHP Warning:  Undefined array key "role" in C:\\xampp\\htdocs\\esuporta\\system\\index.php on line 10, referer: http://223.25.21.210/esuporta/system/
[Tue Dec 10 14:09:29.296081 2024] [php:error] [pid 9144:tid 1828] [client 52.48.53.149:55422] PHP Fatal error:  Uncaught mysqli_sql_exception: Unknown database 'dts' in C:\\xampp\\htdocs\\esuporta\\fts\\database.php:6\nStack trace:\n#0 C:\\xampp\\htdocs\\esuporta\\fts\\database.php(6): mysqli_connect('localhost', 'root', Object(SensitiveParameterValue), 'dts')\n#1 C:\\xampp\\htdocs\\esuporta\\fts\\index.php(2): include('C:\\\\xampp\\\\htdocs...')\n#2 {main}\n  thrown in C:\\xampp\\htdocs\\esuporta\\fts\\database.php on line 6
[Tue Dec 10 14:09:30.733613 2024] [php:warn] [pid 9144:tid 1836] [client 216.247.83.78:25542] PHP Warning:  Undefined array key "role" in C:\\xampp\\htdocs\\esuporta\\system\\index.php on line 10, referer: http://223.25.21.210/esuporta/system/
[Tue Dec 10 14:11:59.316381 2024] [php:warn] [pid 9144:tid 1808] [client 216.247.83.78:25749] PHP Warning:  Undefined array key "role" in C:\\xampp\\htdocs\\esuporta\\system\\index.php on line 10, referer: http://223.25.21.210/esuporta/system/
[Tue Dec 10 14:52:56.507363 2024] [php:warn] [pid 9144:tid 1808] [client 216.247.83.78:52727] PHP Warning:  Undefined array key "role" in C:\\xampp\\htdocs\\esuporta\\system\\index.php on line 10, referer: http://223.25.21.210/esuporta/system/
[Tue Dec 10 15:23:28.417997 2024] [php:error] [pid 9144:tid 1828] [client 183.207.45.94:10609] PHP Fatal error:  Uncaught mysqli_sql_exception: Unknown database 'dts' in C:\\xampp\\htdocs\\esuporta\\fts\\database.php:6\nStack trace:\n#0 C:\\xampp\\htdocs\\esuporta\\fts\\database.php(6): mysqli_connect('localhost', 'root', Object(SensitiveParameterValue), 'dts')\n#1 C:\\xampp\\htdocs\\esuporta\\fts\\index.php(2): include('C:\\\\xampp\\\\htdocs...')\n#2 {main}\n  thrown in C:\\xampp\\htdocs\\esuporta\\fts\\database.php on line 6
[Tue Dec 10 15:55:01.218132 2024] [php:warn] [pid 9144:tid 1808] [client 124.106.56.230:40400] PHP Warning:  Undefined array key "role" in C:\\xampp\\htdocs\\esuporta\\system\\index.php on line 10, referer: http://223.25.21.210/esuporta/system/
[Tue Dec 10 17:04:58.517602 2024] [php:error] [pid 9144:tid 1808] [client 117.132.188.206:33356] PHP Fatal error:  Uncaught mysqli_sql_exception: Unknown database 'dts' in C:\\xampp\\htdocs\\esuporta\\fts\\database.php:6\nStack trace:\n#0 C:\\xampp\\htdocs\\esuporta\\fts\\database.php(6): mysqli_connect('localhost', 'root', Object(SensitiveParameterValue), 'dts')\n#1 C:\\xampp\\htdocs\\esuporta\\fts\\index.php(2): include('C:\\\\xampp\\\\htdocs...')\n#2 {main}\n  thrown in C:\\xampp\\htdocs\\esuporta\\fts\\database.php on line 6
[Tue Dec 10 21:10:18.661681 2024] [php:warn] [pid 9144:tid 1836] [client 103.89.237.220:53537] PHP Warning:  Undefined array key "role" in C:\\xampp\\htdocs\\esuporta\\system\\index.php on line 10, referer: http://223.25.21.210/esuporta/system/
[Tue Dec 10 23:55:37.183551 2024] [php:error] [pid 9144:tid 1816] [client 192.42.116.217:48747] script 'C:/xampp/htdocs/phpinfo.php' not found or unable to stat
[Tue Dec 10 23:55:38.143588 2024] [php:error] [pid 9144:tid 1844] [client 192.42.116.217:58925] script 'C:/xampp/htdocs/php.php' not found or unable to stat
[Tue Dec 10 23:55:38.911352 2024] [php:error] [pid 9144:tid 1820] [client 192.42.116.217:16695] script 'C:/xampp/htdocs/info.php' not found or unable to stat
[Tue Dec 10 23:55:39.221636 2024] [php:error] [pid 9144:tid 1820] [client 192.42.116.217:16695] script 'C:/xampp/htdocs/infophp.php' not found or unable to stat
[Tue Dec 10 23:55:39.511163 2024] [php:error] [pid 9144:tid 1820] [client 192.42.116.217:16695] script 'C:/xampp/htdocs/php_info.php' not found or unable to stat
[Tue Dec 10 23:55:39.790190 2024] [php:error] [pid 9144:tid 1820] [client 192.42.116.217:16695] script 'C:/xampp/htdocs/test.php' not found or unable to stat
[Tue Dec 10 23:55:40.043556 2024] [php:error] [pid 9144:tid 1820] [client 192.42.116.217:16695] script 'C:/xampp/htdocs/i.php' not found or unable to stat
[Tue Dec 10 23:55:40.293294 2024] [php:error] [pid 9144:tid 1820] [client 192.42.116.217:16695] script 'C:/xampp/htdocs/asdf.php' not found or unable to stat
[Tue Dec 10 23:55:40.554025 2024] [php:error] [pid 9144:tid 1820] [client 192.42.116.217:16695] script 'C:/xampp/htdocs/pinfo.php' not found or unable to stat
[Tue Dec 10 23:55:40.877721 2024] [php:error] [pid 9144:tid 1820] [client 192.42.116.217:16695] script 'C:/xampp/htdocs/phpversion.php' not found or unable to stat
[Tue Dec 10 23:55:41.221582 2024] [php:error] [pid 9144:tid 1820] [client 192.42.116.217:16695] script 'C:/xampp/htdocs/time.php' not found or unable to stat
[Tue Dec 10 23:55:41.455249 2024] [php:error] [pid 9144:tid 1820] [client 192.42.116.217:16695] script 'C:/xampp/htdocs/index.php' not found or unable to stat
[Tue Dec 10 23:55:41.731903 2024] [php:error] [pid 9144:tid 1820] [client 192.42.116.217:16695] script 'C:/xampp/htdocs/temp.php' not found or unable to stat
[Tue Dec 10 23:55:41.988709 2024] [php:error] [pid 9144:tid 1820] [client 192.42.116.217:16695] script 'C:/xampp/htdocs/old_phpinfo.php' not found or unable to stat
[Tue Dec 10 23:55:42.261009 2024] [php:error] [pid 9144:tid 1820] [client 192.42.116.217:16695] script 'C:/xampp/htdocs/infos.php' not found or unable to stat
[Tue Dec 10 23:55:42.500058 2024] [php:error] [pid 9144:tid 1820] [client 192.42.116.217:16695] script 'C:/xampp/htdocs/linusadmin.php' not found or unable to stat
[Tue Dec 10 23:55:42.772633 2024] [php:error] [pid 9144:tid 1820] [client 192.42.116.217:16695] script 'C:/xampp/htdocs/php-info.php' not found or unable to stat
[Wed Dec 11 01:37:03.646390 2024] [php:error] [pid 9144:tid 1820] [client 103.251.167.20:41172] script 'C:/xampp/htdocs/phpinfo.php' not found or unable to stat
[Wed Dec 11 01:37:04.764158 2024] [php:error] [pid 9144:tid 1844] [client 103.251.167.20:41180] script 'C:/xampp/htdocs/php.php' not found or unable to stat
[Wed Dec 11 01:37:05.289705 2024] [php:error] [pid 9144:tid 1844] [client 103.251.167.20:41180] script 'C:/xampp/htdocs/info.php' not found or unable to stat
[Wed Dec 11 01:37:05.915878 2024] [php:error] [pid 9144:tid 1844] [client 103.251.167.20:41180] script 'C:/xampp/htdocs/infophp.php' not found or unable to stat
[Wed Dec 11 01:37:07.089850 2024] [php:error] [pid 9144:tid 1816] [client 103.251.167.20:41196] script 'C:/xampp/htdocs/php_info.php' not found or unable to stat
[Wed Dec 11 01:37:08.090198 2024] [php:error] [pid 9144:tid 1816] [client 103.251.167.20:41196] script 'C:/xampp/htdocs/test.php' not found or unable to stat
[Wed Dec 11 01:37:08.801394 2024] [php:error] [pid 9144:tid 1816] [client 103.251.167.20:41196] script 'C:/xampp/htdocs/i.php' not found or unable to stat
[Wed Dec 11 01:37:09.487395 2024] [php:error] [pid 9144:tid 1816] [client 103.251.167.20:41196] script 'C:/xampp/htdocs/asdf.php' not found or unable to stat
[Wed Dec 11 01:37:10.342393 2024] [php:error] [pid 9144:tid 1816] [client 103.251.167.20:41196] script 'C:/xampp/htdocs/pinfo.php' not found or unable to stat
[Wed Dec 11 01:37:11.136783 2024] [php:error] [pid 9144:tid 1816] [client 103.251.167.20:41196] script 'C:/xampp/htdocs/phpversion.php' not found or unable to stat
[Wed Dec 11 01:37:11.807014 2024] [php:error] [pid 9144:tid 1816] [client 103.251.167.20:41196] script 'C:/xampp/htdocs/time.php' not found or unable to stat
[Wed Dec 11 01:37:12.530672 2024] [php:error] [pid 9144:tid 1816] [client 103.251.167.20:41196] script 'C:/xampp/htdocs/index.php' not found or unable to stat
[Wed Dec 11 01:37:13.310194 2024] [php:error] [pid 9144:tid 1816] [client 103.251.167.20:41196] script 'C:/xampp/htdocs/temp.php' not found or unable to stat
[Wed Dec 11 01:37:14.096730 2024] [php:error] [pid 9144:tid 1816] [client 103.251.167.20:41196] script 'C:/xampp/htdocs/old_phpinfo.php' not found or unable to stat
[Wed Dec 11 01:37:14.782883 2024] [php:error] [pid 9144:tid 1816] [client 103.251.167.20:41196] script 'C:/xampp/htdocs/infos.php' not found or unable to stat
[Wed Dec 11 01:37:15.332863 2024] [php:error] [pid 9144:tid 1816] [client 103.251.167.20:41196] script 'C:/xampp/htdocs/linusadmin.php' not found or unable to stat
[Wed Dec 11 01:37:16.159649 2024] [php:error] [pid 9144:tid 1816] [client 103.251.167.20:41196] script 'C:/xampp/htdocs/php-info.php' not found or unable to stat
[Wed Dec 11 01:58:19.616106 2024] [cgi:error] [pid 9144:tid 1820] [client 104.248.17.71:56472] AH02811: script not found or unable to stat: C:/xampp/cgi-bin/authLogin.cgi
[Wed Dec 11 02:33:16.076535 2024] [php:error] [pid 9144:tid 1852] [client 167.71.162.191:48908] script 'C:/xampp/htdocs/alive.php' not found or unable to stat
[Wed Dec 11 06:38:15.928727 2024] [core:error] [pid 9144:tid 1816] [client 8.218.15.254:39706] AH10244: invalid URI path (/cgi-bin/.%2e/.%2e/.%2e/.%2e/.%2e/.%2e/.%2e/.%2e/.%2e/.%2e/bin/sh)
[Wed Dec 11 06:38:48.043078 2024] [core:error] [pid 9144:tid 1816] [client 8.218.15.254:39874] AH10244: invalid URI path (/cgi-bin/%%32%65%%32%65/%%32%65%%32%65/%%32%65%%32%65/%%32%65%%32%65/%%32%65%%32%65/%%32%65%%32%65/%%32%65%%32%65/bin/sh)
[Wed Dec 11 06:39:17.361556 2024] [php:error] [pid 9144:tid 1816] [client 8.218.15.254:42788] script 'C:/xampp/htdocs/index.php' not found or unable to stat
[Wed Dec 11 06:39:18.985950 2024] [php:error] [pid 9144:tid 1816] [client 8.218.15.254:42788] script 'C:/xampp/htdocs/index.php' not found or unable to stat
[Wed Dec 11 06:39:19.364620 2024] [php:error] [pid 9144:tid 1816] [client 8.218.15.254:42788] script 'C:/xampp/htdocs/index.php' not found or unable to stat
[Wed Dec 11 07:20:29.381044 2024] [authz_core:error] [pid 9144:tid 1816] [client 167.71.175.236:46536] AH01630: client denied by server configuration: C:/xampp/htdocs/server-status
[Wed Dec 11 07:20:33.684180 2024] [php:error] [pid 9144:tid 1836] [client 167.71.175.236:40710] script 'C:/xampp/htdocs/info.php' not found or unable to stat
[Wed Dec 11 07:20:36.800063 2024] [authz_core:error] [pid 9144:tid 1780] [client 206.189.19.19:39122] AH01630: client denied by server configuration: C:/xampp/htdocs/server-status
[Wed Dec 11 07:20:43.620889 2024] [php:error] [pid 9144:tid 1780] [client 206.189.19.19:45224] script 'C:/xampp/htdocs/info.php' not found or unable to stat
[Wed Dec 11 07:20:47.829365 2024] [php:error] [pid 9144:tid 1808] [client 57.129.16.41:37748] PHP Fatal error:  Uncaught mysqli_sql_exception: Unknown database 'dts' in C:\\xampp\\htdocs\\esuporta\\fts\\database.php:6\nStack trace:\n#0 C:\\xampp\\htdocs\\esuporta\\fts\\database.php(6): mysqli_connect('localhost', 'root', Object(SensitiveParameterValue), 'dts')\n#1 C:\\xampp\\htdocs\\esuporta\\fts\\index.php(2): include('C:\\\\xampp\\\\htdocs...')\n#2 {main}\n  thrown in C:\\xampp\\htdocs\\esuporta\\fts\\database.php on line 6
[Wed Dec 11 07:20:48.046240 2024] [php:error] [pid 9144:tid 1816] [client 51.89.167.1:54524] PHP Fatal error:  Uncaught mysqli_sql_exception: Unknown database 'dts' in C:\\xampp\\htdocs\\esuporta\\fts\\database.php:6\nStack trace:\n#0 C:\\xampp\\htdocs\\esuporta\\fts\\database.php(6): mysqli_connect('localhost', 'root', Object(SensitiveParameterValue), 'dts')\n#1 C:\\xampp\\htdocs\\esuporta\\fts\\index.php(2): include('C:\\\\xampp\\\\htdocs...')\n#2 {main}\n  thrown in C:\\xampp\\htdocs\\esuporta\\fts\\database.php on line 6
[Wed Dec 11 08:14:47.803284 2024] [php:warn] [pid 9144:tid 1780] [client 122.3.108.0:38580] PHP Warning:  Undefined array key "role" in C:\\xampp\\htdocs\\esuporta\\system\\index.php on line 10, referer: http://223.25.21.210/esuporta/system/index.php
[Wed Dec 11 08:25:14.114069 2024] [php:warn] [pid 9144:tid 1808] [client 122.3.108.0:18039] PHP Warning:  Undefined array key "role" in C:\\xampp\\htdocs\\esuporta\\system\\index.php on line 10, referer: http://223.25.21.210/esuporta/system/index.php
[Thu Dec 12 07:07:24.505745 2024] [ssl:warn] [pid 14640:tid 460] AH01909: www.example.com:443:0 server certificate does NOT include an ID which matches the server name
[Thu Dec 12 07:07:24.536977 2024] [core:warn] [pid 14640:tid 460] AH00098: pid file C:/xampp/apache/logs/httpd.pid overwritten -- Unclean shutdown of previous Apache run?
[Thu Dec 12 07:07:24.536977 2024] [ssl:warn] [pid 14640:tid 460] AH01909: www.example.com:443:0 server certificate does NOT include an ID which matches the server name
[Thu Dec 12 07:07:24.833782 2024] [mpm_winnt:notice] [pid 14640:tid 460] AH00455: Apache/2.4.56 (Win64) OpenSSL/1.1.1t PHP/8.2.4 configured -- resuming normal operations
[Thu Dec 12 07:07:24.833782 2024] [mpm_winnt:notice] [pid 14640:tid 460] AH00456: Apache Lounge VS16 Server built: Mar  7 2023 13:21:03
[Thu Dec 12 07:07:24.833782 2024] [core:notice] [pid 14640:tid 460] AH00094: Command line: 'c:\\xampp\\apache\\bin\\httpd.exe -d C:/xampp/apache'
[Thu Dec 12 07:07:24.833782 2024] [mpm_winnt:notice] [pid 14640:tid 460] AH00418: Parent: Created child process 13984
[Thu Dec 12 07:07:25.364907 2024] [ssl:warn] [pid 13984:tid 448] AH01909: www.example.com:443:0 server certificate does NOT include an ID which matches the server name
[Thu Dec 12 07:07:25.411771 2024] [ssl:warn] [pid 13984:tid 448] AH01909: www.example.com:443:0 server certificate does NOT include an ID which matches the server name
[Thu Dec 12 07:07:25.458635 2024] [mpm_winnt:notice] [pid 13984:tid 448] AH00354: Child: Starting 150 worker threads.
