[Thu Sep 19 13:24:24.731168 2024] [php:error] [pid 13492:tid 1860] [client 136.158.17.43:55932] script 'C:/xampp/htdocs/esuporta/system/login.php' not found or unable to stat
[Thu Sep 19 13:37:17.949294 2024] [cgi:error] [pid 13492:tid 1844] [client 95.214.55.43:41606] AH02811: script not found or unable to stat: C:/xampp/cgi-bin/luci
[Thu Sep 19 13:40:00.089955 2024] [php:warn] [pid 13492:tid 1824] [client 131.226.104.178:55961] PHP Warning:  Undefined array key "role" in C:\\xampp\\htdocs\\esuporta\\system\\index.php on line 10, referer: http://223.25.21.210/esuporta/system/?fbclid=IwY2xjawEqPh9leHRuA2FlbQIxMAABHVv3_tXafRL0aj8O2tZ-KsS5L2Wg48rAQqmycjP8EeCjFx6LJo1a2jqfFQ_aem_iPUy5wekSYgs1kMtCF0kpQ
[Thu Sep 19 13:43:52.016912 2024] [php:warn] [pid 13492:tid 1828] [client ::1:64669] PHP Warning:  Undefined array key "role" in C:\\xampp\\htdocs\\esuporta\\system\\index.php on line 10, referer: http://localhost/esuporta/system/
[Thu Sep 19 13:44:12.094314 2024] [cgi:error] [pid 13492:tid 1840] [client 138.68.102.86:7142] AH02811: script not found or unable to stat: C:/xampp/cgi-bin/authLogin.cgi
[Thu Sep 19 13:47:51.831428 2024] [php:error] [pid 13492:tid 1840] [client ::1:64716] script 'C:/xampp/htdocs/esuporta/system/granted_request_correction_o365_account.php' not found or unable to stat, referer: http://localhost/esuporta/system/granted_request_deletion_o365_account.php
[Thu Sep 19 14:07:59.721172 2024] [cgi:error] [pid 13492:tid 1832] [client 164.92.187.249:35950] AH02811: script not found or unable to stat: C:/xampp/cgi-bin/authLogin.cgi
[Thu Sep 19 14:27:38.014547 2024] [php:warn] [pid 13492:tid 1840] [client 110.54.188.0:63641] PHP Warning:  Undefined array key "role" in C:\\xampp\\htdocs\\esuporta\\system\\index.php on line 10, referer: http://223.25.21.210/esuporta/system/index.php?fbclid=IwY2xjawFYo5hleHRuA2FlbQIxMAABHd0ctvLDZHmOALVfN0fAL9kJ_tuL8Y44R-mhMJQq1x7cceM_qC1eyasJUw_aem_G8z4oClRgModcdevCU8-TQ
[Thu Sep 19 14:28:29.934644 2024] [cgi:error] [pid 13492:tid 1860] [client 45.148.10.242:43022] AH02811: script not found or unable to stat: C:/xampp/cgi-bin/luci
[Thu Sep 19 14:34:55.824854 2024] [cgi:error] [pid 13492:tid 1860] [client 23.228.122.107:33672] AH02811: script not found or unable to stat: C:/xampp/cgi-bin/luci
[Fri Sep 20 07:12:53.913444 2024] [ssl:warn] [pid 17252:tid 452] AH01909: www.example.com:443:0 server certificate does NOT include an ID which matches the server name
[Fri Sep 20 07:12:53.944687 2024] [core:warn] [pid 17252:tid 452] AH00098: pid file C:/xampp/apache/logs/httpd.pid overwritten -- Unclean shutdown of previous Apache run?
[Fri Sep 20 07:12:53.944687 2024] [ssl:warn] [pid 17252:tid 452] AH01909: www.example.com:443:0 server certificate does NOT include an ID which matches the server name
[Fri Sep 20 07:12:54.303978 2024] [mpm_winnt:notice] [pid 17252:tid 452] AH00455: Apache/2.4.56 (Win64) OpenSSL/1.1.1t PHP/8.2.4 configured -- resuming normal operations
[Fri Sep 20 07:12:54.303978 2024] [mpm_winnt:notice] [pid 17252:tid 452] AH00456: Apache Lounge VS16 Server built: Mar  7 2023 13:21:03
[Fri Sep 20 07:12:54.303978 2024] [core:notice] [pid 17252:tid 452] AH00094: Command line: 'c:\\xampp\\apache\\bin\\httpd.exe -d C:/xampp/apache'
[Fri Sep 20 07:12:54.303978 2024] [mpm_winnt:notice] [pid 17252:tid 452] AH00418: Parent: Created child process 13732
[Fri Sep 20 07:12:54.788239 2024] [ssl:warn] [pid 13732:tid 464] AH01909: www.example.com:443:0 server certificate does NOT include an ID which matches the server name
[Fri Sep 20 07:12:54.819481 2024] [ssl:warn] [pid 13732:tid 464] AH01909: www.example.com:443:0 server certificate does NOT include an ID which matches the server name
[Fri Sep 20 07:12:54.866376 2024] [mpm_winnt:notice] [pid 13732:tid 464] AH00354: Child: Starting 150 worker threads.
[Fri Sep 20 07:14:34.493984 2024] [cgi:error] [pid 13732:tid 1880] [client 95.214.55.43:36030] AH02811: script not found or unable to stat: C:/xampp/cgi-bin/luci
[Fri Sep 20 07:39:44.708883 2024] [php:error] [pid 13732:tid 1880] [client 51.254.59.113:2079] PHP Fatal error:  Uncaught mysqli_sql_exception: Unknown database 'dts' in C:\\xampp\\htdocs\\esuporta\\fts\\database.php:6\nStack trace:\n#0 C:\\xampp\\htdocs\\esuporta\\fts\\database.php(6): mysqli_connect('localhost', 'root', Object(SensitiveParameterValue), 'dts')\n#1 C:\\xampp\\htdocs\\esuporta\\fts\\index.php(2): include('C:\\\\xampp\\\\htdocs...')\n#2 {main}\n  thrown in C:\\xampp\\htdocs\\esuporta\\fts\\database.php on line 6
[Fri Sep 20 07:59:24.852962 2024] [php:warn] [pid 13732:tid 1856] [client ::1:49450] PHP Warning:  Undefined array key "role" in C:\\xampp\\htdocs\\esuporta\\system\\index.php on line 10, referer: http://localhost/esuporta/system/
[Fri Sep 20 08:09:05.536428 2024] [cgi:error] [pid 13732:tid 1844] [client 45.148.10.242:55518] AH02811: script not found or unable to stat: C:/xampp/cgi-bin/luci
[Fri Sep 20 08:09:08.119701 2024] [php:warn] [pid 13732:tid 1856] [client 175.176.56.57:60007] PHP Warning:  Undefined array key "role" in C:\\xampp\\htdocs\\esuporta\\system\\index.php on line 10, referer: http://223.25.21.210/esuporta/system/index.php
[Fri Sep 20 10:29:14.773518 2024] [php:warn] [pid 13732:tid 1844] [client 131.226.104.134:31528] PHP Warning:  Undefined array key "role" in C:\\xampp\\htdocs\\esuporta\\system\\index.php on line 10, referer: http://223.25.21.210/esuporta/system/index.php
[Fri Sep 20 11:20:32.857570 2024] [cgi:error] [pid 13732:tid 1852] [client 178.211.139.241:41986] malformed header from script 'php-cgi.exe': Bad header: <b>Security Alert!</b> The PHP
[Fri Sep 20 11:35:05.329551 2024] [php:warn] [pid 13732:tid 1856] [client ::1:59794] PHP Warning:  Undefined array key "role" in C:\\xampp\\htdocs\\esuporta\\system\\index.php on line 10, referer: http://localhost/esuporta/system/
[Fri Sep 20 12:29:09.958019 2024] [cgi:error] [pid 13732:tid 1852] [client 95.214.55.43:60342] AH02811: script not found or unable to stat: C:/xampp/cgi-bin/luci
[Fri Sep 20 12:45:49.073085 2024] [cgi:error] [pid 13732:tid 1852] [client 178.211.139.241:54482] malformed header from script 'php-cgi.exe': Bad header: <b>Security Alert!</b> The PHP
[Fri Sep 20 13:08:00.441120 2024] [php:warn] [pid 13732:tid 1856] [client 216.247.85.27:55305] PHP Warning:  Undefined array key "role" in C:\\xampp\\htdocs\\esuporta\\system\\index.php on line 10, referer: http://223.25.21.210/esuporta/system/
[Fri Sep 20 13:27:11.223764 2024] [php:warn] [pid 13732:tid 1840] [client 14.1.64.94:51911] PHP Warning:  Undefined array key "role" in C:\\xampp\\htdocs\\esuporta\\system\\index.php on line 10, referer: http://223.25.21.210/esuporta/system/index.php
[Fri Sep 20 13:57:55.674668 2024] [php:warn] [pid 13732:tid 1840] [client 14.1.64.94:36589] PHP Warning:  Undefined array key "username" in C:\\xampp\\htdocs\\esuporta\\system\\user_index.php on line 10, referer: http://223.25.21.210/esuporta/system/index.php
[Fri Sep 20 13:57:55.674668 2024] [php:warn] [pid 13732:tid 1840] [client 14.1.64.94:36589] PHP Warning:  Undefined array key "username" in C:\\xampp\\htdocs\\esuporta\\system\\user_index.php on line 11, referer: http://223.25.21.210/esuporta/system/index.php
[Fri Sep 20 13:57:55.810805 2024] [php:error] [pid 13732:tid 1840] [client 14.1.64.94:36589] script 'C:/xampp/htdocs/esuporta/system/login.php' not found or unable to stat, referer: http://223.25.21.210/esuporta/system/index.php
[Fri Sep 20 14:24:14.099818 2024] [php:warn] [pid 13732:tid 1836] [client 110.54.188.187:63734] PHP Warning:  Undefined array key "role" in C:\\xampp\\htdocs\\esuporta\\system\\index.php on line 10, referer: http://223.25.21.210/esuporta/system/
[Fri Sep 20 14:24:45.563781 2024] [php:warn] [pid 13732:tid 1836] [client 110.54.188.187:38448] PHP Warning:  Undefined array key "role" in C:\\xampp\\htdocs\\esuporta\\system\\index.php on line 10, referer: http://223.25.21.210/esuporta/system/
[Fri Sep 20 14:25:40.717714 2024] [php:warn] [pid 13732:tid 1836] [client 110.54.188.187:63922] PHP Warning:  Undefined array key "role" in C:\\xampp\\htdocs\\esuporta\\system\\index.php on line 10, referer: http://223.25.21.210/esuporta/system/
[Fri Sep 20 14:26:22.366965 2024] [php:warn] [pid 13732:tid 1856] [client 110.54.188.187:10732] PHP Warning:  Undefined array key "role" in C:\\xampp\\htdocs\\esuporta\\system\\index.php on line 10, referer: http://223.25.21.210/esuporta/system/
[Fri Sep 20 14:26:40.950403 2024] [php:warn] [pid 13732:tid 1828] [client 110.54.188.187:10763] PHP Warning:  Undefined array key "role" in C:\\xampp\\htdocs\\esuporta\\system\\index.php on line 10, referer: http://223.25.21.210/esuporta/system/
[Fri Sep 20 14:29:12.452586 2024] [php:warn] [pid 13732:tid 1832] [client 110.54.188.187:38845] PHP Warning:  Undefined array key "role" in C:\\xampp\\htdocs\\esuporta\\system\\index.php on line 10, referer: http://223.25.21.210/esuporta/system/
[Fri Sep 20 15:22:32.049749 2024] [php:warn] [pid 13732:tid 1836] [client 103.89.237.158:51904] PHP Warning:  Undefined array key "role" in C:\\xampp\\htdocs\\esuporta\\system\\index.php on line 10, referer: http://223.25.21.210/esuporta/system/index.php
[Fri Sep 20 15:58:38.074323 2024] [php:warn] [pid 13732:tid 1856] [client 110.54.189.148:31458] PHP Warning:  Undefined array key "role" in C:\\xampp\\htdocs\\esuporta\\system\\index.php on line 10, referer: http://223.25.21.210/esuporta/system/
[Fri Sep 20 15:59:54.770507 2024] [php:warn] [pid 13732:tid 1832] [client 110.54.189.148:31516] PHP Warning:  Undefined array key "role" in C:\\xampp\\htdocs\\esuporta\\system\\index.php on line 10, referer: http://223.25.21.210/esuporta/system/
[Mon Sep 23 06:32:46.443991 2024] [ssl:warn] [pid 18100:tid 428] AH01909: www.example.com:443:0 server certificate does NOT include an ID which matches the server name
[Mon Sep 23 06:32:46.475233 2024] [core:warn] [pid 18100:tid 428] AH00098: pid file C:/xampp/apache/logs/httpd.pid overwritten -- Unclean shutdown of previous Apache run?
[Mon Sep 23 06:32:46.475233 2024] [ssl:warn] [pid 18100:tid 428] AH01909: www.example.com:443:0 server certificate does NOT include an ID which matches the server name
[Mon Sep 23 06:32:46.787659 2024] [mpm_winnt:notice] [pid 18100:tid 428] AH00455: Apache/2.4.56 (Win64) OpenSSL/1.1.1t PHP/8.2.4 configured -- resuming normal operations
[Mon Sep 23 06:32:46.787659 2024] [mpm_winnt:notice] [pid 18100:tid 428] AH00456: Apache Lounge VS16 Server built: Mar  7 2023 13:21:03
[Mon Sep 23 06:32:46.787659 2024] [core:notice] [pid 18100:tid 428] AH00094: Command line: 'c:\\xampp\\apache\\bin\\httpd.exe -d C:/xampp/apache'
[Mon Sep 23 06:32:46.787659 2024] [mpm_winnt:notice] [pid 18100:tid 428] AH00418: Parent: Created child process 2076
[Mon Sep 23 06:32:47.146951 2024] [ssl:warn] [pid 2076:tid 444] AH01909: www.example.com:443:0 server certificate does NOT include an ID which matches the server name
[Mon Sep 23 06:32:47.178192 2024] [ssl:warn] [pid 2076:tid 444] AH01909: www.example.com:443:0 server certificate does NOT include an ID which matches the server name
[Mon Sep 23 06:32:47.209463 2024] [mpm_winnt:notice] [pid 2076:tid 444] AH00354: Child: Starting 150 worker threads.
[Mon Sep 23 06:39:08.808760 2024] [core:error] [pid 2076:tid 1860] [client 8.219.181.180:49732] AH10244: invalid URI path (/cgi-bin/.%2e/.%2e/.%2e/.%2e/.%2e/.%2e/.%2e/.%2e/.%2e/.%2e/bin/sh)
[Mon Sep 23 06:39:09.038772 2024] [core:error] [pid 2076:tid 1860] [client 8.219.181.180:49736] AH10244: invalid URI path (/cgi-bin/%%32%65%%32%65/%%32%65%%32%65/%%32%65%%32%65/%%32%65%%32%65/%%32%65%%32%65/%%32%65%%32%65/%%32%65%%32%65/bin/sh)
[Mon Sep 23 07:20:57.304912 2024] [cgi:error] [pid 2076:tid 1860] [client 185.224.128.83:48884] AH02811: script not found or unable to stat: C:/xampp/cgi-bin/luci
[Mon Sep 23 07:20:57.784851 2024] [cgi:error] [pid 2076:tid 1856] [client 185.224.128.83:48900] AH02811: script not found or unable to stat: C:/xampp/cgi-bin/luci
[Mon Sep 23 07:50:17.584649 2024] [core:error] [pid 2076:tid 1856] [client 47.236.83.119:40960] AH10244: invalid URI path (/cgi-bin/.%2e/.%2e/.%2e/.%2e/.%2e/.%2e/.%2e/.%2e/.%2e/.%2e/bin/sh)
[Mon Sep 23 07:50:21.146311 2024] [core:error] [pid 2076:tid 1856] [client 47.236.83.119:40968] AH10244: invalid URI path (/cgi-bin/%%32%65%%32%65/%%32%65%%32%65/%%32%65%%32%65/%%32%65%%32%65/%%32%65%%32%65/%%32%65%%32%65/%%32%65%%32%65/bin/sh)
[Mon Sep 23 08:34:38.567317 2024] [cgi:error] [pid 2076:tid 1860] [client 45.148.10.242:53452] AH02811: script not found or unable to stat: C:/xampp/cgi-bin/luci
[Mon Sep 23 08:40:49.479976 2024] [php:warn] [pid 2076:tid 1852] [client 124.107.32.254:43049] PHP Warning:  Undefined array key "role" in C:\\xampp\\htdocs\\esuporta\\system\\index.php on line 10, referer: http://223.25.21.210/esuporta/system/index.php
[Mon Sep 23 08:41:05.070054 2024] [php:warn] [pid 2076:tid 1848] [client 124.107.32.254:50398] PHP Warning:  Undefined array key "role" in C:\\xampp\\htdocs\\esuporta\\system\\index.php on line 10, referer: http://223.25.21.210/esuporta/system/index.php
[Mon Sep 23 10:23:14.308041 2024] [php:warn] [pid 2076:tid 1860] [client 136.158.34.69:22427] PHP Warning:  Undefined array key "role" in C:\\xampp\\htdocs\\esuporta\\system\\index.php on line 10, referer: http://223.25.21.210/esuporta/system/
[Mon Sep 23 10:25:47.631877 2024] [php:warn] [pid 2076:tid 1860] [client 136.158.34.69:25385] PHP Warning:  Undefined array key "role" in C:\\xampp\\htdocs\\esuporta\\system\\index.php on line 10, referer: http://223.25.21.210/esuporta/system/index.php
[Mon Sep 23 10:39:01.285892 2024] [cgi:error] [pid 2076:tid 1852] [client 185.224.128.59:58792] AH02811: script not found or unable to stat: C:/xampp/cgi-bin/luci
[Mon Sep 23 10:39:01.770172 2024] [cgi:error] [pid 2076:tid 1844] [client 185.224.128.59:58794] AH02811: script not found or unable to stat: C:/xampp/cgi-bin/luci
[Mon Sep 23 10:50:42.018680 2024] [core:error] [pid 2076:tid 1852] [client 144.126.142.59:52904] AH10244: invalid URI path (/cgi-bin/.%2e/.%2e/.%2e/.%2e/.%2e/.%2e/.%2e/.%2e/.%2e/.%2e/bin/sh)
[Mon Sep 23 10:50:42.830960 2024] [core:error] [pid 2076:tid 1852] [client 144.126.142.59:52912] AH10244: invalid URI path (/cgi-bin/%%32%65%%32%65/%%32%65%%32%65/%%32%65%%32%65/%%32%65%%32%65/%%32%65%%32%65/%%32%65%%32%65/%%32%65%%32%65/bin/sh)
[Mon Sep 23 10:51:08.109025 2024] [php:error] [pid 2076:tid 1856] [client 144.126.142.59:52920] script 'C:/xampp/htdocs/index.php' not found or unable to stat
[Mon Sep 23 10:51:09.702394 2024] [php:error] [pid 2076:tid 1856] [client 144.126.142.59:52920] script 'C:/xampp/htdocs/index.php' not found or unable to stat
[Mon Sep 23 10:51:10.405870 2024] [php:error] [pid 2076:tid 1856] [client 144.126.142.59:52920] script 'C:/xampp/htdocs/index.php' not found or unable to stat
[Mon Sep 23 12:14:51.200756 2024] [cgi:error] [pid 2076:tid 1844] [client 185.224.128.83:44226] AH02811: script not found or unable to stat: C:/xampp/cgi-bin/luci
[Mon Sep 23 12:14:51.686732 2024] [cgi:error] [pid 2076:tid 1856] [client 185.224.128.83:44230] AH02811: script not found or unable to stat: C:/xampp/cgi-bin/luci
[Mon Sep 23 14:27:23.257787 2024] [ssl:warn] [pid 8136:tid 468] AH01909: www.example.com:443:0 server certificate does NOT include an ID which matches the server name
[Mon Sep 23 14:27:23.445220 2024] [core:warn] [pid 8136:tid 468] AH00098: pid file C:/xampp/apache/logs/httpd.pid overwritten -- Unclean shutdown of previous Apache run?
[Mon Sep 23 14:27:23.445220 2024] [ssl:warn] [pid 8136:tid 468] AH01909: www.example.com:443:0 server certificate does NOT include an ID which matches the server name
[Mon Sep 23 14:27:25.007353 2024] [mpm_winnt:notice] [pid 8136:tid 468] AH00455: Apache/2.4.56 (Win64) OpenSSL/1.1.1t PHP/8.2.4 configured -- resuming normal operations
[Mon Sep 23 14:27:25.007353 2024] [mpm_winnt:notice] [pid 8136:tid 468] AH00456: Apache Lounge VS16 Server built: Mar  7 2023 13:21:03
[Mon Sep 23 14:27:25.007353 2024] [core:notice] [pid 8136:tid 468] AH00094: Command line: 'c:\\xampp\\apache\\bin\\httpd.exe -d C:/xampp/apache'
[Mon Sep 23 14:27:25.038596 2024] [mpm_winnt:notice] [pid 8136:tid 468] AH00418: Parent: Created child process 8396
[Mon Sep 23 14:27:25.592881 2024] [ssl:warn] [pid 8396:tid 440] AH01909: www.example.com:443:0 server certificate does NOT include an ID which matches the server name
[Mon Sep 23 14:27:25.624637 2024] [ssl:warn] [pid 8396:tid 440] AH01909: www.example.com:443:0 server certificate does NOT include an ID which matches the server name
[Mon Sep 23 14:27:25.661185 2024] [mpm_winnt:notice] [pid 8396:tid 440] AH00354: Child: Starting 150 worker threads.
[Mon Sep 23 14:29:22.316752 2024] [php:warn] [pid 8396:tid 1856] [client 175.176.58.139:22996] PHP Warning:  Undefined array key "role" in C:\\xampp\\htdocs\\esuporta\\system\\index.php on line 10, referer: http://223.25.21.210/esuporta/system/?fbclid=IwZXh0bgNhZW0CMTEAAR0V_kq2RK8AiVaMXELt154HKdABMyb5AzrT0q0OCzxoyPl3XAHTLPKj6rM_aem_CLyJw4RmE04wdU-XV86o6w
[Mon Sep 23 14:29:45.658509 2024] [php:warn] [pid 8396:tid 1856] [client 175.176.58.139:22997] PHP Warning:  Undefined array key "role" in C:\\xampp\\htdocs\\esuporta\\system\\index.php on line 10, referer: http://223.25.21.210/esuporta/system/?fbclid=IwZXh0bgNhZW0CMTEAAR0V_kq2RK8AiVaMXELt154HKdABMyb5AzrT0q0OCzxoyPl3XAHTLPKj6rM_aem_CLyJw4RmE04wdU-XV86o6w
[Mon Sep 23 14:35:34.469155 2024] [php:warn] [pid 8396:tid 1864] [client 110.54.140.157:31246] PHP Warning:  Undefined array key "role" in C:\\xampp\\htdocs\\esuporta\\system\\index.php on line 10, referer: http://223.25.21.210/esuporta/system/?fbclid=IwZXh0bgNhZW0CMTEAAR3dFDA_BBLqlvnnFoc-cp4QR3jxqb_X-f4IMJGtyg24sgxYEOMUaV_96-8_aem_WxOUXNxAn_yJ3CoGRrUo_A
[Mon Sep 23 14:38:32.320192 2024] [php:warn] [pid 8396:tid 1864] [client 110.54.140.157:16256] PHP Warning:  Undefined array key "role" in C:\\xampp\\htdocs\\esuporta\\system\\index.php on line 10, referer: http://223.25.21.210/esuporta/system/?fbclid=IwZXh0bgNhZW0CMTEAAR3dFDA_BBLqlvnnFoc-cp4QR3jxqb_X-f4IMJGtyg24sgxYEOMUaV_96-8_aem_WxOUXNxAn_yJ3CoGRrUo_A
[Mon Sep 23 14:44:04.411507 2024] [php:warn] [pid 8396:tid 1856] [client 110.54.140.157:61843] PHP Warning:  Undefined array key "role" in C:\\xampp\\htdocs\\esuporta\\system\\index.php on line 10, referer: http://223.25.21.210/esuporta/system/
[Mon Sep 23 14:44:20.376463 2024] [php:warn] [pid 8396:tid 1864] [client 110.54.140.157:61845] PHP Warning:  Undefined array key "role" in C:\\xampp\\htdocs\\esuporta\\system\\index.php on line 10, referer: http://223.25.21.210/esuporta/system/
[Mon Sep 23 14:45:53.316559 2024] [php:warn] [pid 8396:tid 1864] [client 110.54.140.157:31660] PHP Warning:  Undefined array key "role" in C:\\xampp\\htdocs\\esuporta\\system\\index.php on line 10, referer: http://223.25.21.210/esuporta/system/
[Mon Sep 23 14:46:18.919905 2024] [php:warn] [pid 8396:tid 1864] [client 110.54.140.157:16562] PHP Warning:  Undefined array key "role" in C:\\xampp\\htdocs\\esuporta\\system\\index.php on line 10, referer: http://223.25.21.210/esuporta/system/
[Mon Sep 23 14:46:30.448450 2024] [php:warn] [pid 8396:tid 1864] [client 110.54.140.157:61879] PHP Warning:  Undefined array key "role" in C:\\xampp\\htdocs\\esuporta\\system\\index.php on line 10, referer: http://223.25.21.210/esuporta/system/
[Mon Sep 23 14:46:53.193089 2024] [php:warn] [pid 8396:tid 1864] [client 110.54.140.157:16574] PHP Warning:  Undefined array key "role" in C:\\xampp\\htdocs\\esuporta\\system\\index.php on line 10, referer: http://223.25.21.210/esuporta/system/
[Tue Sep 24 08:50:23.516371 2024] [ssl:warn] [pid 15828:tid 428] AH01909: www.example.com:443:0 server certificate does NOT include an ID which matches the server name
[Tue Sep 24 08:50:23.563236 2024] [core:warn] [pid 15828:tid 428] AH00098: pid file C:/xampp/apache/logs/httpd.pid overwritten -- Unclean shutdown of previous Apache run?
[Tue Sep 24 08:50:23.563236 2024] [ssl:warn] [pid 15828:tid 428] AH01909: www.example.com:443:0 server certificate does NOT include an ID which matches the server name
[Tue Sep 24 08:50:23.719447 2024] [mpm_winnt:notice] [pid 15828:tid 428] AH00455: Apache/2.4.56 (Win64) OpenSSL/1.1.1t PHP/8.2.4 configured -- resuming normal operations
[Tue Sep 24 08:50:23.719447 2024] [mpm_winnt:notice] [pid 15828:tid 428] AH00456: Apache Lounge VS16 Server built: Mar  7 2023 13:21:03
[Tue Sep 24 08:50:23.719447 2024] [core:notice] [pid 15828:tid 428] AH00094: Command line: 'c:\\xampp\\apache\\bin\\httpd.exe -d C:/xampp/apache'
[Tue Sep 24 08:50:23.719447 2024] [mpm_winnt:notice] [pid 15828:tid 428] AH00418: Parent: Created child process 1112
[Tue Sep 24 08:50:24.078752 2024] [ssl:warn] [pid 1112:tid 448] AH01909: www.example.com:443:0 server certificate does NOT include an ID which matches the server name
[Tue Sep 24 08:50:24.109981 2024] [ssl:warn] [pid 1112:tid 448] AH01909: www.example.com:443:0 server certificate does NOT include an ID which matches the server name
[Tue Sep 24 08:50:24.141225 2024] [mpm_winnt:notice] [pid 1112:tid 448] AH00354: Child: Starting 150 worker threads.
[Tue Sep 24 09:11:40.735720 2024] [php:warn] [pid 1112:tid 1844] [client 216.247.83.146:46943] PHP Warning:  Undefined array key "username" in C:\\xampp\\htdocs\\esuporta\\system\\user_index.php on line 10
[Tue Sep 24 09:11:40.736717 2024] [php:warn] [pid 1112:tid 1844] [client 216.247.83.146:46943] PHP Warning:  Undefined array key "username" in C:\\xampp\\htdocs\\esuporta\\system\\user_index.php on line 11
[Tue Sep 24 09:11:40.957946 2024] [php:error] [pid 1112:tid 1844] [client 216.247.83.146:46943] script 'C:/xampp/htdocs/esuporta/system/login.php' not found or unable to stat
[Tue Sep 24 09:11:50.471520 2024] [php:error] [pid 1112:tid 1844] [client 216.247.83.146:18767] script 'C:/xampp/htdocs/esuporta/system/login.php' not found or unable to stat
[Tue Sep 24 09:11:51.778584 2024] [php:error] [pid 1112:tid 1844] [client 216.247.83.146:18767] script 'C:/xampp/htdocs/esuporta/system/login.php' not found or unable to stat
[Tue Sep 24 09:51:23.591846 2024] [cgi:error] [pid 1112:tid 1844] [client 185.224.128.59:60050] AH02811: script not found or unable to stat: C:/xampp/cgi-bin/luci
[Tue Sep 24 09:51:24.076108 2024] [cgi:error] [pid 1112:tid 1852] [client 185.224.128.59:60068] AH02811: script not found or unable to stat: C:/xampp/cgi-bin/luci
[Tue Sep 24 10:07:01.908209 2024] [php:error] [pid 1112:tid 1852] [client 157.230.3.29:46920] script 'C:/xampp/htdocs/upl.php' not found or unable to stat
[Tue Sep 24 10:07:03.767162 2024] [php:error] [pid 1112:tid 1852] [client 157.230.3.29:45938] script 'C:/xampp/htdocs/1.php' not found or unable to stat
[Tue Sep 24 10:07:04.657562 2024] [php:error] [pid 1112:tid 1852] [client 157.230.3.29:45966] script 'C:/xampp/htdocs/password.php' not found or unable to stat
[Tue Sep 24 10:57:16.491097 2024] [php:warn] [pid 1112:tid 1852] [client 175.176.56.223:52158] PHP Warning:  Undefined array key "role" in C:\\xampp\\htdocs\\esuporta\\system\\index.php on line 10, referer: http://223.25.21.210/esuporta/system/
[Tue Sep 24 11:08:02.997548 2024] [php:warn] [pid 1112:tid 1856] [client 119.93.85.168:37834] PHP Warning:  Undefined array key "role" in C:\\xampp\\htdocs\\esuporta\\system\\index.php on line 10, referer: http://223.25.21.210/esuporta/system/
[Tue Sep 24 11:08:30.678516 2024] [php:warn] [pid 1112:tid 1844] [client 119.93.85.168:37818] PHP Warning:  Undefined array key "role" in C:\\xampp\\htdocs\\esuporta\\system\\index.php on line 10, referer: http://223.25.21.210/esuporta/system/
[Tue Sep 24 11:12:16.662486 2024] [php:warn] [pid 1112:tid 1848] [client 119.93.85.168:45700] PHP Warning:  Undefined array key "role" in C:\\xampp\\htdocs\\esuporta\\system\\index.php on line 10, referer: http://223.25.21.210/esuporta/system/index.php
[Tue Sep 24 11:31:31.139505 2024] [php:warn] [pid 1112:tid 1860] [client 122.53.58.119:52359] PHP Warning:  Undefined array key "role" in C:\\xampp\\htdocs\\esuporta\\system\\index.php on line 10, referer: http://223.25.21.210/esuporta/system/
[Tue Sep 24 11:32:42.955547 2024] [php:warn] [pid 1112:tid 1860] [client 122.53.58.119:52373] PHP Warning:  Undefined array key "role" in C:\\xampp\\htdocs\\esuporta\\system\\index.php on line 10, referer: http://223.25.21.210/esuporta/system/
[Tue Sep 24 11:48:58.365173 2024] [cgi:error] [pid 1112:tid 1848] [client 45.148.10.242:49852] AH02811: script not found or unable to stat: C:/xampp/cgi-bin/luci
[Tue Sep 24 11:51:02.789006 2024] [cgi:error] [pid 1112:tid 1848] [client 185.224.128.83:57904] AH02811: script not found or unable to stat: C:/xampp/cgi-bin/luci
[Tue Sep 24 11:51:03.273267 2024] [cgi:error] [pid 1112:tid 1844] [client 185.224.128.83:57920] AH02811: script not found or unable to stat: C:/xampp/cgi-bin/luci
[Tue Sep 24 12:01:30.510292 2024] [php:warn] [pid 1112:tid 1836] [client 216.247.82.210:19830] PHP Warning:  Undefined array key "role" in C:\\xampp\\htdocs\\esuporta\\system\\index.php on line 10, referer: http://223.25.21.210/esuporta/system/
[Tue Sep 24 12:05:36.820540 2024] [ssl:warn] [pid 8248:tid 436] AH01909: www.example.com:443:0 server certificate does NOT include an ID which matches the server name
[Tue Sep 24 12:05:36.851753 2024] [core:warn] [pid 8248:tid 436] AH00098: pid file C:/xampp/apache/logs/httpd.pid overwritten -- Unclean shutdown of previous Apache run?
[Tue Sep 24 12:05:36.851753 2024] [ssl:warn] [pid 8248:tid 436] AH01909: www.example.com:443:0 server certificate does NOT include an ID which matches the server name
[Tue Sep 24 12:05:37.132965 2024] [mpm_winnt:notice] [pid 8248:tid 436] AH00455: Apache/2.4.56 (Win64) OpenSSL/1.1.1t PHP/8.2.4 configured -- resuming normal operations
[Tue Sep 24 12:05:37.132965 2024] [mpm_winnt:notice] [pid 8248:tid 436] AH00456: Apache Lounge VS16 Server built: Mar  7 2023 13:21:03
[Tue Sep 24 12:05:37.132965 2024] [core:notice] [pid 8248:tid 436] AH00094: Command line: 'c:\\xampp\\apache\\bin\\httpd.exe -d C:/xampp/apache'
[Tue Sep 24 12:05:37.132965 2024] [mpm_winnt:notice] [pid 8248:tid 436] AH00418: Parent: Created child process 8140
[Tue Sep 24 12:05:37.476605 2024] [ssl:warn] [pid 8140:tid 456] AH01909: www.example.com:443:0 server certificate does NOT include an ID which matches the server name
[Tue Sep 24 12:05:37.507848 2024] [ssl:warn] [pid 8140:tid 456] AH01909: www.example.com:443:0 server certificate does NOT include an ID which matches the server name
[Tue Sep 24 12:05:37.539117 2024] [mpm_winnt:notice] [pid 8140:tid 456] AH00354: Child: Starting 150 worker threads.
[Tue Sep 24 12:35:36.055040 2024] [php:warn] [pid 8140:tid 1900] [client 136.158.31.208:35027] PHP Warning:  Undefined array key "role" in C:\\xampp\\htdocs\\esuporta\\system\\index.php on line 10, referer: http://223.25.21.210/esuporta/system/index.php
[Tue Sep 24 12:35:58.456015 2024] [php:warn] [pid 8140:tid 1844] [client 136.158.31.208:35651] PHP Warning:  Undefined array key "role" in C:\\xampp\\htdocs\\esuporta\\system\\index.php on line 10, referer: http://223.25.21.210/esuporta/system/index.php
[Tue Sep 24 12:36:54.349101 2024] [php:warn] [pid 8140:tid 1900] [client 136.158.31.208:36174] PHP Warning:  Undefined array key "role" in C:\\xampp\\htdocs\\esuporta\\system\\index.php on line 10, referer: http://223.25.21.210/esuporta/system/index.php
[Tue Sep 24 12:41:12.413322 2024] [php:warn] [pid 8140:tid 1784] [client 136.158.31.208:41688] PHP Warning:  Undefined array key "role" in C:\\xampp\\htdocs\\esuporta\\system\\index.php on line 10, referer: http://223.25.21.210/esuporta/system/index.php
[Tue Sep 24 12:41:40.531701 2024] [php:warn] [pid 8140:tid 1844] [client 136.158.31.208:41689] PHP Warning:  Undefined array key "role" in C:\\xampp\\htdocs\\esuporta\\system\\index.php on line 10, referer: http://223.25.21.210/esuporta/system/index.php
[Tue Sep 24 12:41:49.357749 2024] [php:warn] [pid 8140:tid 1784] [client 136.158.31.208:42641] PHP Warning:  Undefined array key "role" in C:\\xampp\\htdocs\\esuporta\\system\\index.php on line 10, referer: http://223.25.21.210/esuporta/system/index.php
[Tue Sep 24 12:42:09.134338 2024] [php:warn] [pid 8140:tid 1844] [client 136.158.31.208:42852] PHP Warning:  Undefined array key "role" in C:\\xampp\\htdocs\\esuporta\\system\\index.php on line 10, referer: http://223.25.21.210/esuporta/system/index.php
[Tue Sep 24 12:44:07.231491 2024] [php:warn] [pid 8140:tid 1784] [client 136.158.31.208:45418] PHP Warning:  Undefined array key "role" in C:\\xampp\\htdocs\\esuporta\\system\\index.php on line 10, referer: http://223.25.21.210/esuporta/system/
[Tue Sep 24 12:44:29.288830 2024] [php:warn] [pid 8140:tid 1844] [client 136.158.31.208:45715] PHP Warning:  Undefined array key "role" in C:\\xampp\\htdocs\\esuporta\\system\\index.php on line 10, referer: http://223.25.21.210/esuporta/system/
[Tue Sep 24 12:45:02.812185 2024] [php:warn] [pid 8140:tid 1844] [client 136.158.31.208:46485] PHP Warning:  Undefined array key "role" in C:\\xampp\\htdocs\\esuporta\\system\\index.php on line 10, referer: http://223.25.21.210/esuporta/system/
[Tue Sep 24 12:45:39.366075 2024] [php:warn] [pid 8140:tid 1844] [client 136.158.31.208:46925] PHP Warning:  Undefined array key "role" in C:\\xampp\\htdocs\\esuporta\\system\\index.php on line 10, referer: http://223.25.21.210/esuporta/system/
[Tue Sep 24 12:46:33.697029 2024] [php:warn] [pid 8140:tid 1784] [client 136.158.31.208:47463] PHP Warning:  Undefined array key "role" in C:\\xampp\\htdocs\\esuporta\\system\\index.php on line 10, referer: http://223.25.21.210/esuporta/system/
[Tue Sep 24 12:46:50.849240 2024] [php:warn] [pid 8140:tid 1844] [client 136.158.31.208:48326] PHP Warning:  Undefined array key "role" in C:\\xampp\\htdocs\\esuporta\\system\\index.php on line 10, referer: http://223.25.21.210/esuporta/system/
[Tue Sep 24 12:47:07.407841 2024] [php:warn] [pid 8140:tid 1844] [client 136.158.31.208:49148] PHP Warning:  Undefined array key "role" in C:\\xampp\\htdocs\\esuporta\\system\\index.php on line 10, referer: http://223.25.21.210/esuporta/system/
[Tue Sep 24 12:47:19.342542 2024] [php:warn] [pid 8140:tid 1784] [client 136.158.31.208:49299] PHP Warning:  Undefined array key "role" in C:\\xampp\\htdocs\\esuporta\\system\\index.php on line 10, referer: http://223.25.21.210/esuporta/system/
[Tue Sep 24 12:47:44.789661 2024] [php:warn] [pid 8140:tid 1844] [client 136.158.31.208:49481] PHP Warning:  Undefined array key "role" in C:\\xampp\\htdocs\\esuporta\\system\\index.php on line 10, referer: http://223.25.21.210/esuporta/system/
[Tue Sep 24 12:49:15.924447 2024] [php:warn] [pid 8140:tid 1844] [client 136.158.31.208:50947] PHP Warning:  Undefined array key "role" in C:\\xampp\\htdocs\\esuporta\\system\\index.php on line 10, referer: http://223.25.21.210/esuporta/system/index.php
[Tue Sep 24 12:49:40.356194 2024] [php:warn] [pid 8140:tid 1784] [client 136.158.31.208:51542] PHP Warning:  Undefined array key "role" in C:\\xampp\\htdocs\\esuporta\\system\\index.php on line 10, referer: http://223.25.21.210/esuporta/system/index.php
[Tue Sep 24 13:20:32.888640 2024] [php:warn] [pid 8140:tid 1908] [client 131.226.104.199:53510] PHP Warning:  Undefined array key "username" in C:\\xampp\\htdocs\\esuporta\\system\\user_index.php on line 10, referer: http://223.25.21.210/esuporta/system/action_update_o365.php
[Tue Sep 24 13:20:32.888640 2024] [php:warn] [pid 8140:tid 1908] [client 131.226.104.199:53510] PHP Warning:  Undefined array key "username" in C:\\xampp\\htdocs\\esuporta\\system\\user_index.php on line 11, referer: http://223.25.21.210/esuporta/system/action_update_o365.php
[Tue Sep 24 13:20:33.435409 2024] [php:error] [pid 8140:tid 1900] [client 131.226.104.199:53521] script 'C:/xampp/htdocs/esuporta/system/login.php' not found or unable to stat, referer: http://223.25.21.210/esuporta/system/action_update_o365.php
[Tue Sep 24 13:20:47.353950 2024] [php:warn] [pid 8140:tid 1908] [client 136.158.31.208:33758] PHP Warning:  Undefined array key "role" in C:\\xampp\\htdocs\\esuporta\\system\\index.php on line 10, referer: http://223.25.21.210/esuporta/system/
[Tue Sep 24 13:20:49.119192 2024] [php:warn] [pid 8140:tid 1900] [client 119.93.85.168:60598] PHP Warning:  Undefined array key "username" in C:\\xampp\\htdocs\\esuporta\\system\\table_request_update_o365_account_user.php on line 10, referer: http://223.25.21.210/esuporta/system/table_request_update_o365_account_user.php
[Tue Sep 24 13:20:49.119192 2024] [php:warn] [pid 8140:tid 1900] [client 119.93.85.168:60598] PHP Warning:  Undefined array key "username" in C:\\xampp\\htdocs\\esuporta\\system\\table_request_update_o365_account_user.php on line 11, referer: http://223.25.21.210/esuporta/system/table_request_update_o365_account_user.php
[Tue Sep 24 13:20:51.915422 2024] [php:warn] [pid 8140:tid 1900] [client 119.93.85.168:60598] PHP Warning:  Undefined array key "username" in C:\\xampp\\htdocs\\esuporta\\system\\user_index.php on line 10, referer: http://223.25.21.210/esuporta/system/index.php
[Tue Sep 24 13:20:51.915422 2024] [php:warn] [pid 8140:tid 1900] [client 119.93.85.168:60598] PHP Warning:  Undefined array key "username" in C:\\xampp\\htdocs\\esuporta\\system\\user_index.php on line 11, referer: http://223.25.21.210/esuporta/system/index.php
[Tue Sep 24 13:21:02.147373 2024] [php:warn] [pid 8140:tid 1784] [client 136.158.31.208:33759] PHP Warning:  Undefined array key "role" in C:\\xampp\\htdocs\\esuporta\\system\\index.php on line 10, referer: http://223.25.21.210/esuporta/system/
[Tue Sep 24 13:22:05.195019 2024] [php:warn] [pid 8140:tid 1900] [client 136.158.31.208:35570] PHP Warning:  Undefined array key "role" in C:\\xampp\\htdocs\\esuporta\\system\\index.php on line 10, referer: http://223.25.21.210/esuporta/system/
[Tue Sep 24 13:50:14.094135 2024] [php:warn] [pid 8140:tid 1860] [client 136.158.31.208:12094] PHP Warning:  Undefined array key "role" in C:\\xampp\\htdocs\\esuporta\\system\\index.php on line 10, referer: http://223.25.21.210/esuporta/system/
[Tue Sep 24 13:50:28.231404 2024] [php:warn] [pid 8140:tid 1900] [client 136.158.31.208:12485] PHP Warning:  Undefined array key "role" in C:\\xampp\\htdocs\\esuporta\\system\\index.php on line 10, referer: http://223.25.21.210/esuporta/system/
[Tue Sep 24 13:51:34.387747 2024] [php:error] [pid 8140:tid 1900] [client 34.253.55.27:59806] PHP Fatal error:  Uncaught mysqli_sql_exception: Unknown database 'dts' in C:\\xampp\\htdocs\\esuporta\\fts\\database.php:6\nStack trace:\n#0 C:\\xampp\\htdocs\\esuporta\\fts\\database.php(6): mysqli_connect('localhost', 'root', Object(SensitiveParameterValue), 'dts')\n#1 C:\\xampp\\htdocs\\esuporta\\fts\\index.php(2): include('C:\\\\xampp\\\\htdocs...')\n#2 {main}\n  thrown in C:\\xampp\\htdocs\\esuporta\\fts\\database.php on line 6
[Tue Sep 24 14:00:17.373928 2024] [php:warn] [pid 8140:tid 1784] [client 124.217.58.109:35938] PHP Warning:  Undefined array key "role" in C:\\xampp\\htdocs\\esuporta\\system\\index.php on line 10, referer: http://223.25.21.210/esuporta/system/
[Tue Sep 24 14:00:34.307401 2024] [php:warn] [pid 8140:tid 1784] [client 124.217.58.109:35964] PHP Warning:  Undefined array key "role" in C:\\xampp\\htdocs\\esuporta\\system\\index.php on line 10, referer: http://223.25.21.210/esuporta/system/
[Tue Sep 24 14:03:00.429275 2024] [php:warn] [pid 8140:tid 1900] [client 124.217.58.109:36214] PHP Warning:  Undefined array key "role" in C:\\xampp\\htdocs\\esuporta\\system\\index.php on line 10, referer: http://223.25.21.210/esuporta/system/
[Tue Sep 24 14:30:10.732810 2024] [php:warn] [pid 8140:tid 1784] [client 103.89.236.139:30777] PHP Warning:  Undefined array key "username" in C:\\xampp\\htdocs\\esuporta\\system\\user_request.php on line 10
[Tue Sep 24 14:30:10.732810 2024] [php:warn] [pid 8140:tid 1784] [client 103.89.236.139:30777] PHP Warning:  Undefined array key "username" in C:\\xampp\\htdocs\\esuporta\\system\\user_request.php on line 11
[Tue Sep 24 14:30:10.795260 2024] [php:error] [pid 8140:tid 1844] [client 103.89.236.139:52376] script 'C:/xampp/htdocs/esuporta/system/login.php' not found or unable to stat
[Tue Sep 24 14:37:43.797980 2024] [php:warn] [pid 8140:tid 1784] [client 103.89.236.139:52895] PHP Warning:  Undefined array key "role" in C:\\xampp\\htdocs\\esuporta\\system\\index.php on line 10, referer: http://223.25.21.210/esuporta/system/?fbclid=IwY2xjawFfPJNleHRuA2FlbQIxMAABHV0GGehFwbkb3BamprwJPU_RYjeAjK7HyhreQ0fSdgGENaZ-Hfr90Y6GwQ_aem_VG8ks7B3z8KGLXetPcXYNw
[Tue Sep 24 14:48:56.780107 2024] [php:error] [pid 8140:tid 1844] [client 35.233.62.40:40082] PHP Fatal error:  Uncaught mysqli_sql_exception: Unknown database 'dts' in C:\\xampp\\htdocs\\esuporta\\fts\\database.php:6\nStack trace:\n#0 C:\\xampp\\htdocs\\esuporta\\fts\\database.php(6): mysqli_connect('localhost', 'root', Object(SensitiveParameterValue), 'dts')\n#1 C:\\xampp\\htdocs\\esuporta\\fts\\index.php(2): include('C:\\\\xampp\\\\htdocs...')\n#2 {main}\n  thrown in C:\\xampp\\htdocs\\esuporta\\fts\\database.php on line 6
[Tue Sep 24 15:52:26.492229 2024] [php:warn] [pid 8140:tid 1784] [client 115.147.30.126:57015] PHP Warning:  Undefined array key "role" in C:\\xampp\\htdocs\\esuporta\\system\\index.php on line 10, referer: http://223.25.21.210/esuporta/system/index.php
[Tue Sep 24 15:54:06.390576 2024] [cgi:error] [pid 8140:tid 1840] [client 185.224.128.83:49508] AH02811: script not found or unable to stat: C:/xampp/cgi-bin/luci
[Tue Sep 24 15:54:06.890459 2024] [cgi:error] [pid 8140:tid 1784] [client 185.224.128.83:49524] AH02811: script not found or unable to stat: C:/xampp/cgi-bin/luci
[Tue Sep 24 16:16:10.828673 2024] [php:error] [pid 8140:tid 1900] [client 34.34.132.221:37232] PHP Fatal error:  Uncaught mysqli_sql_exception: Unknown database 'dts' in C:\\xampp\\htdocs\\esuporta\\fts\\database.php:6\nStack trace:\n#0 C:\\xampp\\htdocs\\esuporta\\fts\\database.php(6): mysqli_connect('localhost', 'root', Object(SensitiveParameterValue), 'dts')\n#1 C:\\xampp\\htdocs\\esuporta\\fts\\index.php(2): include('C:\\\\xampp\\\\htdocs...')\n#2 {main}\n  thrown in C:\\xampp\\htdocs\\esuporta\\fts\\database.php on line 6
[Tue Sep 24 16:19:10.973721 2024] [php:error] [pid 8140:tid 1900] [client 142.93.249.6:35194] script 'C:/xampp/htdocs/alive.php' not found or unable to stat
[Tue Sep 24 18:21:25.855605 2024] [php:warn] [pid 8140:tid 1844] [client 49.144.45.235:18090] PHP Warning:  Undefined array key "role" in C:\\xampp\\htdocs\\esuporta\\system\\index.php on line 10, referer: http://223.25.21.210/esuporta/system/
[Tue Sep 24 18:22:10.110815 2024] [php:warn] [pid 8140:tid 1900] [client 49.144.45.235:18133] PHP Warning:  Undefined array key "role" in C:\\xampp\\htdocs\\esuporta\\system\\index.php on line 10, referer: http://223.25.21.210/esuporta/system/
[Tue Sep 24 20:27:05.736083 2024] [cgi:error] [pid 8140:tid 1900] [client 185.224.128.83:39958] AH02811: script not found or unable to stat: C:/xampp/cgi-bin/luci
[Tue Sep 24 20:27:06.220353 2024] [cgi:error] [pid 8140:tid 1844] [client 185.224.128.83:39968] AH02811: script not found or unable to stat: C:/xampp/cgi-bin/luci
[Tue Sep 24 20:55:24.898401 2024] [cgi:error] [pid 8140:tid 1784] [client 45.148.10.242:52640] AH02811: script not found or unable to stat: C:/xampp/cgi-bin/luci
[Wed Sep 25 00:13:57.530271 2024] [cgi:error] [pid 8140:tid 1784] [client 185.224.128.83:58712] AH02811: script not found or unable to stat: C:/xampp/cgi-bin/luci
[Wed Sep 25 00:13:58.342581 2024] [cgi:error] [pid 8140:tid 1852] [client 185.224.128.83:58724] AH02811: script not found or unable to stat: C:/xampp/cgi-bin/luci
[Wed Sep 25 02:55:21.202688 2024] [cgi:error] [pid 8140:tid 1844] [client 185.224.128.59:42204] AH02811: script not found or unable to stat: C:/xampp/cgi-bin/luci
[Wed Sep 25 02:55:21.702607 2024] [cgi:error] [pid 8140:tid 1840] [client 185.224.128.59:42206] AH02811: script not found or unable to stat: C:/xampp/cgi-bin/luci
[Wed Sep 25 04:11:33.000988 2024] [cgi:error] [pid 8140:tid 1840] [client 185.224.128.83:41562] AH02811: script not found or unable to stat: C:/xampp/cgi-bin/luci
[Wed Sep 25 04:11:33.485249 2024] [cgi:error] [pid 8140:tid 1844] [client 185.224.128.83:41572] AH02811: script not found or unable to stat: C:/xampp/cgi-bin/luci
[Wed Sep 25 05:33:38.169079 2024] [cgi:error] [pid 8140:tid 1844] [client 45.148.10.242:39884] AH02811: script not found or unable to stat: C:/xampp/cgi-bin/luci
[Wed Sep 25 08:19:13.382451 2024] [cgi:error] [pid 8140:tid 1900] [client 185.224.128.83:47022] AH02811: script not found or unable to stat: C:/xampp/cgi-bin/luci
[Wed Sep 25 08:19:14.870845 2024] [cgi:error] [pid 8140:tid 1852] [client 185.224.128.83:47030] AH02811: script not found or unable to stat: C:/xampp/cgi-bin/luci
[Wed Sep 25 09:14:26.107358 2024] [php:warn] [pid 8140:tid 1852] [client ::1:65071] PHP Warning:  Undefined array key "role" in C:\\xampp\\htdocs\\esuporta\\system\\index.php on line 10, referer: http://localhost/esuporta/system/
[Wed Sep 25 09:17:34.206539 2024] [cgi:error] [pid 8140:tid 1844] [client 185.224.128.59:33074] AH02811: script not found or unable to stat: C:/xampp/cgi-bin/luci
[Wed Sep 25 09:17:34.689827 2024] [cgi:error] [pid 8140:tid 1900] [client 185.224.128.59:33076] AH02811: script not found or unable to stat: C:/xampp/cgi-bin/luci
[Wed Sep 25 09:27:17.436982 2024] [php:warn] [pid 8140:tid 1784] [client 209.35.172.110:52929] PHP Warning:  Undefined array key "role" in C:\\xampp\\htdocs\\esuporta\\system\\index.php on line 10, referer: http://223.25.21.210/esuporta/system/
[Wed Sep 25 09:27:40.321129 2024] [php:warn] [pid 8140:tid 1852] [client 209.35.172.110:52930] PHP Warning:  Undefined array key "role" in C:\\xampp\\htdocs\\esuporta\\system\\index.php on line 10, referer: http://223.25.21.210/esuporta/system/
[Wed Sep 25 09:32:21.114755 2024] [php:warn] [pid 8140:tid 1784] [client 209.35.172.110:25997] PHP Warning:  Undefined array key "role" in C:\\xampp\\htdocs\\esuporta\\system\\index.php on line 10, referer: http://223.25.21.210/esuporta/system/index.php
[Wed Sep 25 09:56:04.468922 2024] [php:warn] [pid 8140:tid 1852] [client 136.158.35.70:26497] PHP Warning:  Undefined array key "role" in C:\\xampp\\htdocs\\esuporta\\system\\index.php on line 10, referer: http://223.25.21.210/esuporta/system/?fbclid=IwZXh0bgNhZW0CMTEAAR0GGP2o5xpKGHlGgiUjHy8jpbANLMvrjINKzUPSp9OPMPnz9si6vT9JQp0_aem_7lRRbXZsfK-QWmHj-kzVhQ
[Wed Sep 25 11:30:09.507514 2024] [core:error] [pid 8140:tid 1784] [client 93.113.63.8:35420] AH10244: invalid URI path (/cgi-bin/.%2e/.%2e/.%2e/.%2e/.%2e/.%2e/.%2e/.%2e/.%2e/.%2e/bin/sh)
[Wed Sep 25 11:30:17.677440 2024] [core:error] [pid 8140:tid 1784] [client 93.113.63.8:49986] AH10244: invalid URI path (/cgi-bin/%%32%65%%32%65/%%32%65%%32%65/%%32%65%%32%65/%%32%65%%32%65/%%32%65%%32%65/%%32%65%%32%65/%%32%65%%32%65/bin/sh)
[Wed Sep 25 11:54:17.807014 2024] [cgi:error] [pid 8140:tid 1784] [client 185.224.128.83:59090] AH02811: script not found or unable to stat: C:/xampp/cgi-bin/luci
[Wed Sep 25 11:54:18.306913 2024] [cgi:error] [pid 8140:tid 1852] [client 185.224.128.83:59104] AH02811: script not found or unable to stat: C:/xampp/cgi-bin/luci
[Wed Sep 25 12:07:12.368821 2024] [php:warn] [pid 8140:tid 1852] [client 131.226.104.135:61979] PHP Warning:  Undefined array key "role" in C:\\xampp\\htdocs\\esuporta\\system\\index.php on line 10, referer: http://223.25.21.210/esuporta/system/
[Wed Sep 25 12:33:46.186584 2024] [php:warn] [pid 8140:tid 1852] [client 180.195.117.50:13735] PHP Warning:  Undefined array key "role" in C:\\xampp\\htdocs\\esuporta\\system\\index.php on line 10, referer: http://223.25.21.210/esuporta/system/?fbclid=IwY2xjawFgce5leHRuA2FlbQIxMAABHTYVSy6NN2hfGwLQtICNqEhIIs4a6hQa4W9QIi_Gr_MsYcgRLkV7wK9mGA_aem_QkwH-TpIGh_oOC9ktlLkhg
[Wed Sep 25 12:36:09.266774 2024] [php:warn] [pid 8140:tid 1852] [client 180.195.117.50:14360] PHP Warning:  Undefined array key "role" in C:\\xampp\\htdocs\\esuporta\\system\\index.php on line 10, referer: http://223.25.21.210/esuporta/system/?fbclid=IwY2xjawFgcjJleHRuA2FlbQIxMAABHTYVSy6NN2hfGwLQtICNqEhIIs4a6hQa4W9QIi_Gr_MsYcgRLkV7wK9mGA_aem_QkwH-TpIGh_oOC9ktlLkhg
[Wed Sep 25 12:59:47.554288 2024] [php:warn] [pid 8140:tid 1900] [client 180.195.117.50:14586] PHP Warning:  Undefined array key "role" in C:\\xampp\\htdocs\\esuporta\\system\\index.php on line 10, referer: http://223.25.21.210/esuporta/system/
[Wed Sep 25 13:00:30.270078 2024] [php:warn] [pid 8140:tid 1900] [client 180.195.117.50:14713] PHP Warning:  Undefined array key "role" in C:\\xampp\\htdocs\\esuporta\\system\\index.php on line 10, referer: http://223.25.21.210/esuporta/system/?fbclid=IwY2xjawFgeDBleHRuA2FlbQIxMAABHcqtu0OxuPDaIZQXbGMX-Q_LgRjh2-gj-k0F0YPJzzaUIFFSB3jAqUSMQw_aem_MD8wC-9xuzNPmv_y35qXXw
[Wed Sep 25 13:56:34.549428 2024] [core:error] [pid 8140:tid 1844] [client 47.236.192.1:46342] AH10244: invalid URI path (/cgi-bin/.%2e/.%2e/.%2e/.%2e/.%2e/.%2e/.%2e/.%2e/.%2e/.%2e/bin/sh)
[Wed Sep 25 13:56:35.502343 2024] [core:error] [pid 8140:tid 1844] [client 47.236.192.1:46982] AH10244: invalid URI path (/cgi-bin/%%32%65%%32%65/%%32%65%%32%65/%%32%65%%32%65/%%32%65%%32%65/%%32%65%%32%65/%%32%65%%32%65/%%32%65%%32%65/bin/sh)
[Wed Sep 25 13:56:48.468025 2024] [php:error] [pid 8140:tid 1844] [client 47.236.192.1:47246] script 'C:/xampp/htdocs/index.php' not found or unable to stat
[Wed Sep 25 13:56:48.952286 2024] [php:error] [pid 8140:tid 1844] [client 47.236.192.1:47246] script 'C:/xampp/htdocs/index.php' not found or unable to stat
[Wed Sep 25 13:56:49.202226 2024] [php:error] [pid 8140:tid 1844] [client 47.236.192.1:47246] script 'C:/xampp/htdocs/index.php' not found or unable to stat
[Wed Sep 25 14:48:02.737162 2024] [cgi:error] [pid 8140:tid 1840] [client 45.148.10.242:43208] AH02811: script not found or unable to stat: C:/xampp/cgi-bin/luci
[Wed Sep 25 15:02:15.737091 2024] [cgi:error] [pid 8140:tid 1840] [client 185.224.128.59:58946] AH02811: script not found or unable to stat: C:/xampp/cgi-bin/luci
[Wed Sep 25 15:02:16.239395 2024] [cgi:error] [pid 8140:tid 1844] [client 185.224.128.59:58960] AH02811: script not found or unable to stat: C:/xampp/cgi-bin/luci
[Wed Sep 25 15:25:07.371617 2024] [core:error] [pid 8140:tid 1844] [client 154.213.184.15:52762] AH10244: invalid URI path (/cgi-bin/.%%%%32%%65/.%%%%32%%65/.%%%%32%%65/.%%%%32%%65/.%%%%32%%65/bin/sh)
[Wed Sep 25 15:45:46.844428 2024] [cgi:error] [pid 8140:tid 1844] [client 185.224.128.83:57524] AH02811: script not found or unable to stat: C:/xampp/cgi-bin/luci
[Wed Sep 25 15:45:47.334617 2024] [cgi:error] [pid 8140:tid 1860] [client 185.224.128.83:57538] AH02811: script not found or unable to stat: C:/xampp/cgi-bin/luci
[Thu Sep 26 07:24:33.569189 2024] [ssl:warn] [pid 2604:tid 456] AH01909: www.example.com:443:0 server certificate does NOT include an ID which matches the server name
[Thu Sep 26 07:24:33.600434 2024] [core:warn] [pid 2604:tid 456] AH00098: pid file C:/xampp/apache/logs/httpd.pid overwritten -- Unclean shutdown of previous Apache run?
[Thu Sep 26 07:24:33.600434 2024] [ssl:warn] [pid 2604:tid 456] AH01909: www.example.com:443:0 server certificate does NOT include an ID which matches the server name
[Thu Sep 26 07:24:33.912859 2024] [mpm_winnt:notice] [pid 2604:tid 456] AH00455: Apache/2.4.56 (Win64) OpenSSL/1.1.1t PHP/8.2.4 configured -- resuming normal operations
[Thu Sep 26 07:24:33.912859 2024] [mpm_winnt:notice] [pid 2604:tid 456] AH00456: Apache Lounge VS16 Server built: Mar  7 2023 13:21:03
[Thu Sep 26 07:24:33.912859 2024] [core:notice] [pid 2604:tid 456] AH00094: Command line: 'c:\\xampp\\apache\\bin\\httpd.exe -d C:/xampp/apache'
[Thu Sep 26 07:24:33.912859 2024] [mpm_winnt:notice] [pid 2604:tid 456] AH00418: Parent: Created child process 4076
[Thu Sep 26 07:24:34.397120 2024] [ssl:warn] [pid 4076:tid 444] AH01909: www.example.com:443:0 server certificate does NOT include an ID which matches the server name
[Thu Sep 26 07:24:34.428363 2024] [ssl:warn] [pid 4076:tid 444] AH01909: www.example.com:443:0 server certificate does NOT include an ID which matches the server name
[Thu Sep 26 07:24:34.459605 2024] [mpm_winnt:notice] [pid 4076:tid 444] AH00354: Child: Starting 150 worker threads.
[Thu Sep 26 07:45:12.237582 2024] [core:error] [pid 4076:tid 1856] [client 154.213.184.15:43418] AH10244: invalid URI path (/cgi-bin/.%%%%32%%65/.%%%%32%%65/.%%%%32%%65/.%%%%32%%65/.%%%%32%%65/bin/sh)
[Thu Sep 26 08:03:04.296137 2024] [cgi:error] [pid 4076:tid 1856] [client 185.224.128.83:56236] AH02811: script not found or unable to stat: C:/xampp/cgi-bin/luci
[Thu Sep 26 08:03:04.812740 2024] [cgi:error] [pid 4076:tid 1904] [client 185.224.128.83:56248] AH02811: script not found or unable to stat: C:/xampp/cgi-bin/luci
[Thu Sep 26 08:10:10.888764 2024] [cgi:error] [pid 4076:tid 1904] [client 185.224.128.59:47294] AH02811: script not found or unable to stat: C:/xampp/cgi-bin/luci
[Thu Sep 26 08:10:11.357417 2024] [cgi:error] [pid 4076:tid 1856] [client 185.224.128.59:47308] AH02811: script not found or unable to stat: C:/xampp/cgi-bin/luci
[Thu Sep 26 08:27:48.260580 2024] [php:warn] [pid 4076:tid 1852] [client 49.144.44.245:60133] PHP Warning:  Undefined array key "role" in C:\\xampp\\htdocs\\esuporta\\system\\index.php on line 10, referer: http://223.25.21.210/esuporta/system/index.php
